CRAN Package Check Results for Package telegram

Last updated on 2021-12-03 22:57:58 CET.

Flavor Version Tinstall Tcheck Ttotal Status Flags
r-devel-linux-x86_64-debian-clang 0.6.0 3.30 24.52 27.82 NOTE
r-devel-linux-x86_64-debian-gcc 0.6.0 2.71 19.58 22.29 NOTE
r-devel-linux-x86_64-fedora-clang 0.6.0 49.78 NOTE
r-devel-linux-x86_64-fedora-gcc 0.6.0 34.67 NOTE
r-devel-windows-x86_64-new-UL 0.6.0 9.00 60.00 69.00 NOTE
r-devel-windows-x86_64-new-TK 0.6.0 NOTE
r-devel-windows-x86_64-old 0.6.0 6.00 29.00 35.00 NOTE
r-patched-linux-x86_64 0.6.0 7.01 23.68 30.69 NOTE
r-release-linux-x86_64 0.6.0 3.77 23.56 27.33 NOTE
r-release-macos-arm64 0.6.0 NOTE
r-release-macos-x86_64 0.6.0 NOTE
r-release-windows-ix86+x86_64 0.6.0 7.00 41.00 48.00 NOTE
r-oldrel-macos-x86_64 0.6.0 OK
r-oldrel-windows-ix86+x86_64 0.6.0 6.00 42.00 48.00 OK

Check Details

Version: 0.6.0
Check: LazyData
Result: NOTE
     'LazyData' is specified without a 'data' directory
Flavors: r-devel-linux-x86_64-debian-clang, r-devel-linux-x86_64-debian-gcc, r-devel-linux-x86_64-fedora-clang, r-devel-linux-x86_64-fedora-gcc, r-devel-windows-x86_64-new-UL, r-devel-windows-x86_64-new-TK, r-devel-windows-x86_64-old, r-patched-linux-x86_64, r-release-linux-x86_64, r-release-macos-arm64, r-release-macos-x86_64, r-release-windows-ix86+x86_64