CRAN Package Check Results for Package templates

Last updated on 2021-12-03 22:57:58 CET.

Flavor Version Tinstall Tcheck Ttotal Status Flags
r-devel-linux-x86_64-debian-clang 0.3.0 3.78 40.50 44.28 NOTE
r-devel-linux-x86_64-debian-gcc 0.3.0 2.58 30.86 33.44 NOTE
r-devel-linux-x86_64-fedora-clang 0.3.0 70.22 NOTE
r-devel-linux-x86_64-fedora-gcc 0.3.0 52.29 NOTE
r-devel-windows-x86_64-new-UL 0.3.0 9.00 87.00 96.00 NOTE
r-devel-windows-x86_64-new-TK 0.3.0 NOTE
r-devel-windows-x86_64-old 0.3.0 6.00 45.00 51.00 NOTE
r-patched-linux-x86_64 0.3.0 3.50 37.78 41.28 NOTE
r-release-linux-x86_64 0.3.0 2.92 37.91 40.83 NOTE
r-release-macos-arm64 0.3.0 NOTE
r-release-macos-x86_64 0.3.0 NOTE
r-release-windows-ix86+x86_64 0.3.0 8.00 57.00 65.00 NOTE
r-oldrel-macos-x86_64 0.3.0 OK
r-oldrel-windows-ix86+x86_64 0.3.0 9.00 62.00 71.00 OK

Check Details

Version: 0.3.0
Check: LazyData
Result: NOTE
     'LazyData' is specified without a 'data' directory
Flavors: r-devel-linux-x86_64-debian-clang, r-devel-linux-x86_64-debian-gcc, r-devel-linux-x86_64-fedora-clang, r-devel-linux-x86_64-fedora-gcc, r-devel-windows-x86_64-new-UL, r-devel-windows-x86_64-new-TK, r-devel-windows-x86_64-old, r-patched-linux-x86_64, r-release-linux-x86_64, r-release-macos-arm64, r-release-macos-x86_64, r-release-windows-ix86+x86_64