Last updated on 2024-04-18 22:53:03 CEST.
Flavor | Version | Tinstall | Tcheck | Ttotal | Status | Flags |
---|---|---|---|---|---|---|
r-devel-linux-x86_64-debian-clang | 0.1.4 | 1.90 | 24.22 | 26.12 | NOTE | |
r-devel-linux-x86_64-debian-gcc | 0.1.4 | 1.59 | 18.62 | 20.21 | NOTE | |
r-devel-linux-x86_64-fedora-clang | 0.1.4 | 34.41 | NOTE | |||
r-devel-linux-x86_64-fedora-gcc | 0.1.4 | 32.50 | NOTE | |||
r-prerel-macos-arm64 | 0.1.4 | 15.00 | NOTE | |||
r-prerel-windows-x86_64 | 0.1.4 | 3.00 | 45.00 | 48.00 | NOTE | |
r-patched-linux-x86_64 | 0.1.4 | 1.98 | 23.40 | 25.38 | NOTE | |
r-release-linux-x86_64 | 0.1.4 | 1.91 | 22.51 | 24.42 | NOTE | |
r-release-macos-arm64 | 0.1.4 | 14.00 | NOTE | |||
r-release-macos-x86_64 | 0.1.4 | 19.00 | NOTE | |||
r-release-windows-x86_64 | 0.1.4 | 3.00 | 45.00 | 48.00 | NOTE | |
r-oldrel-macos-arm64 | 0.1.4 | 17.00 | NOTE | |||
r-oldrel-windows-x86_64 | 0.1.4 | 3.00 | 50.00 | 53.00 | NOTE |
Version: 0.1.4
Check: LazyData
Result: NOTE
'LazyData' is specified without a 'data' directory
Flavors: r-devel-linux-x86_64-debian-clang, r-devel-linux-x86_64-debian-gcc, r-devel-linux-x86_64-fedora-clang, r-devel-linux-x86_64-fedora-gcc, r-prerel-macos-arm64, r-prerel-windows-x86_64, r-patched-linux-x86_64, r-release-linux-x86_64, r-release-macos-arm64, r-release-macos-x86_64, r-release-windows-x86_64, r-oldrel-macos-arm64, r-oldrel-windows-x86_64