CRAN Package Check Results for Package tergm

Last updated on 2021-06-15 22:54:00 CEST.

Flavor Version Tinstall Tcheck Ttotal Status Flags
r-devel-linux-x86_64-debian-clang 3.7.0 19.64 179.77 199.41 OK --no-vignettes
r-devel-linux-x86_64-debian-gcc 3.7.0 0.63 2.69 3.32 ERROR --no-vignettes
r-devel-linux-x86_64-fedora-clang 3.7.0 19.58 ERROR
r-devel-linux-x86_64-fedora-gcc 3.7.0 8.96 ERROR
r-devel-windows-x86_64 3.7.0 30.00 193.00 223.00 OK --no-vignettes
r-devel-windows-x86_64-gcc10-UCRT 3.7.0 OK
r-patched-linux-x86_64 3.7.0 22.50 172.84 195.34 OK --no-vignettes
r-patched-solaris-x86 3.7.0 6.90 ERROR
r-release-linux-x86_64 3.7.0 17.69 169.96 187.65 OK --no-vignettes
r-release-macos-arm64 3.7.0 OK
r-release-macos-x86_64 3.7.0 OK
r-release-windows-ix86+x86_64 3.7.0 47.00 257.00 304.00 OK --no-vignettes
r-oldrel-macos-x86_64 3.7.0 OK
r-oldrel-windows-ix86+x86_64 3.7.0 49.00 331.00 380.00 OK --no-vignettes

Check Details

Version: 3.7.0
Flags: --no-vignettes
Check: whether package can be installed
Result: ERROR
    Installation failed.
Flavor: r-devel-linux-x86_64-debian-gcc

Version: 3.7.0
Check: whether package can be installed
Result: ERROR
    Installation failed.
Flavors: r-devel-linux-x86_64-fedora-clang, r-devel-linux-x86_64-fedora-gcc, r-patched-solaris-x86