CRAN Package Check Results for Package tesseract

Last updated on 2019-09-22 22:47:00 CEST.

Flavor Version Tinstall Tcheck Ttotal Status Flags
r-devel-linux-x86_64-debian-clang 4.1 19.29 111.30 130.59 OK
r-devel-linux-x86_64-debian-gcc 4.1 16.30 105.73 122.03 OK
r-devel-linux-x86_64-fedora-clang 4.1 122.41 OK
r-devel-linux-x86_64-fedora-gcc 4.1 312.94 OK
r-devel-windows-ix86+x86_64 4.1 105.00 157.00 262.00 NOTE
r-patched-linux-x86_64 4.1 17.84 97.99 115.83 OK
r-release-linux-x86_64 4.1 18.78 89.86 108.64 OK
r-release-windows-ix86+x86_64 4.1 99.00 198.00 297.00 NOTE
r-release-osx-x86_64 4.1 NOTE
r-oldrel-windows-ix86+x86_64 4.1 74.00 148.00 222.00 NOTE
r-oldrel-osx-x86_64 4.1 NOTE

Additional issues

valgrind

Check Details

Version: 4.1
Check: installed package size
Result: NOTE
     installed size is 28.4Mb
     sub-directories of 1Mb or more:
     doc 1.0Mb
     libs 13.3Mb
     tessdata 14.0Mb
Flavors: r-devel-windows-ix86+x86_64, r-release-windows-ix86+x86_64, r-release-osx-x86_64, r-oldrel-windows-ix86+x86_64, r-oldrel-osx-x86_64