CRAN Package Check Results for Package tesseract

Last updated on 2020-02-21 22:51:24 CET.

Flavor Version Tinstall Tcheck Ttotal Status Flags
r-devel-linux-x86_64-debian-clang 4.1 22.41 114.66 137.07 OK
r-devel-linux-x86_64-debian-gcc 4.1 14.60 110.33 124.93 OK
r-devel-linux-x86_64-fedora-clang 4.1 123.15 NOTE
r-devel-linux-x86_64-fedora-gcc 4.1 125.42 NOTE
r-devel-windows-ix86+x86_64 4.1 84.00 161.00 245.00 NOTE
r-devel-windows-ix86+x86_64-gcc8 4.1 96.00 134.00 230.00 NOTE
r-patched-linux-x86_64 4.1 OK
r-release-linux-x86_64 4.1 20.00 85.74 105.74 OK
r-release-windows-ix86+x86_64 4.1 82.00 172.00 254.00 NOTE
r-release-osx-x86_64 4.1 NOTE
r-oldrel-windows-ix86+x86_64 4.1 89.00 161.00 250.00 NOTE
r-oldrel-osx-x86_64 4.1 NOTE

Check Details

Version: 4.1
Check: top-level files
Result: NOTE
     possible bashism in configure line 34 ($(OS|MACH)TYPE):
     case "$OSTYPE" in "darwin"*)
     possible bashism in configure line 42 (should be '.', not 'source'):
     source autobrew
Flavors: r-devel-linux-x86_64-fedora-clang, r-devel-linux-x86_64-fedora-gcc

Version: 4.1
Check: installed package size
Result: NOTE
     installed size is 28.4Mb
     sub-directories of 1Mb or more:
     doc 1.0Mb
     libs 13.3Mb
     tessdata 14.0Mb
Flavors: r-devel-windows-ix86+x86_64, r-devel-windows-ix86+x86_64-gcc8, r-release-windows-ix86+x86_64, r-release-osx-x86_64, r-oldrel-windows-ix86+x86_64, r-oldrel-osx-x86_64