CRAN Package Check Results for Package texPreview

Last updated on 2019-09-17 22:48:21 CEST.

Flavor Version Tinstall Tcheck Ttotal Status Flags
r-devel-linux-x86_64-debian-clang 1.3.2 3.57 66.84 70.41 OK
r-devel-linux-x86_64-debian-gcc 1.3.2 3.15 53.58 56.73 OK
r-devel-linux-x86_64-fedora-clang 1.3.2 95.89 OK
r-devel-linux-x86_64-fedora-gcc 1.3.2 91.63 OK
r-devel-windows-ix86+x86_64 1.3.2 20.00 90.00 110.00 OK
r-patched-linux-x86_64 1.3.2 3.08 65.27 68.35 OK
r-patched-solaris-x86 1.3.2 105.50 WARN
r-release-linux-x86_64 1.3.2 3.53 65.43 68.96 OK
r-release-windows-ix86+x86_64 1.3.2 8.00 82.00 90.00 OK
r-release-osx-x86_64 1.3.2 WARN
r-oldrel-windows-ix86+x86_64 1.3.2 9.00 75.00 84.00 OK
r-oldrel-osx-x86_64 1.3.2 WARN

Check Details

Version: 1.3.2
Check: re-building of vignette outputs
Result: WARN
    Error(s) in re-building vignettes:
     ...
    --- re-building ‘rmarkdown.Rmd’ using rmarkdown
    Warning in engine$weave(file, quiet = quiet, encoding = enc) :
     Pandoc (>= 1.12.3) and/or pandoc-citeproc not available. Falling back to R Markdown v1.
    This is pdfTeX, Version 3.14159265-2.6-1.40.20 (TeX Live 2019) (preloaded format=pdflatex)
     restricted \write18 enabled.
    entering extended mode
    Quitting from lines 35-39 (rmarkdown.Rmd)
    Error: processing vignette 'rmarkdown.Rmd' failed with diagnostics:
    argument is of length zero
    --- failed re-building ‘rmarkdown.Rmd’
    
    --- re-building ‘slickr.Rmd’ using rmarkdown
    Warning in engine$weave(file, quiet = quiet, encoding = enc) :
     Pandoc (>= 1.12.3) and/or pandoc-citeproc not available. Falling back to R Markdown v1.
    This is pdfTeX, Version 3.14159265-2.6-1.40.20 (TeX Live 2019) (preloaded format=pdflatex)
     restricted \write18 enabled.
    entering extended mode
    This is pdfTeX, Version 3.14159265-2.6-1.40.20 (TeX Live 2019) (preloaded format=pdflatex)
     restricted \write18 enabled.
    entering extended mode
    Quitting from lines 81-85 (slickr.Rmd)
    Error: processing vignette 'slickr.Rmd' failed with diagnostics:
    there is no package called 'webshot'
    --- failed re-building ‘slickr.Rmd’
    
    --- re-building ‘tests_and_coverage.Rmd’ using rmarkdown
    Warning in engine$weave(file, quiet = quiet, encoding = enc) :
     Pandoc (>= 1.12.3) and/or pandoc-citeproc not available. Falling back to R Markdown v1.
    --- finished re-building ‘tests_and_coverage.Rmd’
    
    --- re-building ‘tex_packages.Rmd’ using rmarkdown
    Warning in engine$weave(file, quiet = quiet, encoding = enc) :
     Pandoc (>= 1.12.3) and/or pandoc-citeproc not available. Falling back to R Markdown v1.
    --- finished re-building ‘tex_packages.Rmd’
    
    SUMMARY: processing the following files failed:
     ‘rmarkdown.Rmd’ ‘slickr.Rmd’
    
    Error: Vignette re-building failed.
    Execution halted
Flavor: r-patched-solaris-x86

Version: 1.3.2
Check: re-building of vignette outputs
Result: WARN
    Error(s) in re-building vignettes:
    --- re-building ‘rmarkdown.Rmd’ using rmarkdown
    Warning in engine$weave(file, quiet = quiet, encoding = enc) :
     Pandoc (>= 1.12.3) and/or pandoc-citeproc not available. Falling back to R Markdown v1.
    This is pdfTeX, Version 3.14159265-2.6-1.40.18 (TeX Live 2017) (preloaded format=pdflatex)
     restricted \write18 enabled.
    entering extended mode
    Quitting from lines 35-39 (rmarkdown.Rmd)
    Error: processing vignette 'rmarkdown.Rmd' failed with diagnostics:
    argument is of length zero
    --- failed re-building ‘rmarkdown.Rmd’
    
    --- re-building ‘slickr.Rmd’ using rmarkdown
    Warning in engine$weave(file, quiet = quiet, encoding = enc) :
     Pandoc (>= 1.12.3) and/or pandoc-citeproc not available. Falling back to R Markdown v1.
    This is pdfTeX, Version 3.14159265-2.6-1.40.18 (TeX Live 2017) (preloaded format=pdflatex)
     restricted \write18 enabled.
    entering extended mode
    This is pdfTeX, Version 3.14159265-2.6-1.40.18 (TeX Live 2017) (preloaded format=pdflatex)
     restricted \write18 enabled.
    entering extended mode
    Quitting from lines 81-85 (slickr.Rmd)
    Error: processing vignette 'slickr.Rmd' failed with diagnostics:
    cannot open the connection
    --- failed re-building ‘slickr.Rmd’
    
    --- re-building ‘tests_and_coverage.Rmd’ using rmarkdown
    Warning in engine$weave(file, quiet = quiet, encoding = enc) :
     Pandoc (>= 1.12.3) and/or pandoc-citeproc not available. Falling back to R Markdown v1.
    --- finished re-building ‘tests_and_coverage.Rmd’
    
    --- re-building ‘tex_packages.Rmd’ using rmarkdown
    Warning in engine$weave(file, quiet = quiet, encoding = enc) :
     Pandoc (>= 1.12.3) and/or pandoc-citeproc not available. Falling back to R Markdown v1.
    --- finished re-building ‘tex_packages.Rmd’
    
    SUMMARY: processing the following files failed:
     ‘rmarkdown.Rmd’ ‘slickr.Rmd’
    
    Error: Vignette re-building failed.
    Execution halted
Flavor: r-release-osx-x86_64

Version: 1.3.2
Check: re-building of vignette outputs
Result: WARN
    Error in re-building vignettes:
     ...
    Warning in engine$weave(file, quiet = quiet, encoding = enc) :
     Pandoc (>= 1.12.3) and/or pandoc-citeproc not available. Falling back to R Markdown v1.
    This is pdfTeX, Version 3.14159265-2.6-1.40.18 (TeX Live 2017) (preloaded format=pdflatex)
     restricted \write18 enabled.
    entering extended mode
    Quitting from lines 35-39 (rmarkdown.Rmd)
    Error: processing vignette 'rmarkdown.Rmd' failed with diagnostics:
    argument is of length zero
    Execution halted
Flavor: r-oldrel-osx-x86_64