Last updated on 2023-01-30 22:57:24 CET.
Flavor | Version | Tinstall | Tcheck | Ttotal | Status | Flags |
---|---|---|---|---|---|---|
r-devel-linux-x86_64-debian-clang | 1.38.6 | 16.21 | 156.18 | 172.39 | NOTE | |
r-devel-linux-x86_64-debian-gcc | 1.38.6 | 16.38 | 115.60 | 131.98 | NOTE | |
r-devel-linux-x86_64-fedora-clang | 1.38.6 | 215.50 | NOTE | |||
r-devel-linux-x86_64-fedora-gcc | 1.38.6 | 255.35 | NOTE | |||
r-devel-windows-x86_64 | 1.38.6 | 59.00 | 237.00 | 296.00 | NOTE | |
r-patched-linux-x86_64 | 1.38.6 | 17.63 | 141.47 | 159.10 | NOTE | |
r-release-linux-x86_64 | 1.38.6 | 15.94 | 142.42 | 158.36 | NOTE | |
r-release-macos-arm64 | 1.38.6 | 55.00 | NOTE | |||
r-release-macos-x86_64 | 1.38.6 | 81.00 | NOTE | |||
r-release-windows-x86_64 | 1.38.6 | 87.00 | 214.00 | 301.00 | NOTE | |
r-oldrel-macos-arm64 | 1.38.6 | 61.00 | OK | |||
r-oldrel-macos-x86_64 | 1.38.6 | 86.00 | OK | |||
r-oldrel-windows-ix86+x86_64 | 1.38.6 | 32.00 | 175.00 | 207.00 | OK |
Version: 1.38.6
Check: package dependencies
Result: NOTE
Packages which this enhances but not available for checking:
'mnlogit', 'Zelig'
Flavors: r-devel-linux-x86_64-debian-clang, r-devel-linux-x86_64-debian-gcc, r-devel-linux-x86_64-fedora-clang, r-devel-linux-x86_64-fedora-gcc, r-patched-linux-x86_64, r-release-linux-x86_64, r-release-macos-x86_64
Version: 1.38.6
Check: package dependencies
Result: NOTE
Package which this enhances but not available for checking: 'mnlogit'
Flavors: r-devel-windows-x86_64, r-release-macos-arm64, r-release-windows-x86_64