Last updated on 2022-07-03 22:50:47 CEST.
Flavor | Version | Tinstall | Tcheck | Ttotal | Status | Flags |
---|---|---|---|---|---|---|
r-devel-linux-x86_64-debian-clang | 0.1.5 | 20.91 | 185.25 | 206.16 | OK | |
r-devel-linux-x86_64-debian-gcc | 0.1.5 | 16.11 | 138.69 | 154.80 | OK | |
r-devel-linux-x86_64-fedora-clang | 0.1.5 | 254.74 | WARN | |||
r-devel-linux-x86_64-fedora-gcc | 0.1.5 | 246.73 | WARN | |||
r-devel-windows-x86_64 | 0.1.5 | 45.00 | 202.00 | 247.00 | OK | |
r-patched-linux-x86_64 | 0.1.5 | 19.01 | 173.90 | 192.91 | OK | |
r-release-linux-x86_64 | 0.1.5 | 18.72 | 173.95 | 192.67 | OK | |
r-release-macos-arm64 | 0.1.5 | 88.00 | NOTE | |||
r-release-macos-x86_64 | 0.1.5 | 93.00 | NOTE | |||
r-release-windows-x86_64 | 0.1.5 | 46.00 | 203.00 | 249.00 | OK | |
r-oldrel-macos-arm64 | 0.1.5 | 73.00 | NOTE | |||
r-oldrel-macos-x86_64 | 0.1.5 | 92.00 | NOTE | |||
r-oldrel-windows-ix86+x86_64 | 0.1.5 | 44.00 | 205.00 | 249.00 | OK |
Version: 0.1.5
Check: package dependencies
Result: WARN
Requires (indirectly) orphaned package: ‘gtools’
Flavors: r-devel-linux-x86_64-fedora-clang, r-devel-linux-x86_64-fedora-gcc
Version: 0.1.5
Check: data for non-ASCII characters
Result: NOTE
Note: found 3 marked UTF-8 strings
Flavors: r-devel-linux-x86_64-fedora-clang, r-devel-linux-x86_64-fedora-gcc, r-release-macos-arm64, r-release-macos-x86_64, r-oldrel-macos-arm64, r-oldrel-macos-x86_64