Last updated on 2023-03-24 22:55:25 CET.
Flavor | Version | Tinstall | Tcheck | Ttotal | Status | Flags |
---|---|---|---|---|---|---|
r-devel-linux-x86_64-debian-clang | 0.1.5 | 43.39 | 71.41 | 114.80 | NOTE | |
r-devel-linux-x86_64-debian-gcc | 0.1.5 | 35.95 | 55.08 | 91.03 | NOTE | |
r-devel-linux-x86_64-fedora-clang | 0.1.5 | 171.37 | NOTE | |||
r-devel-linux-x86_64-fedora-gcc | 0.1.5 | 156.70 | NOTE | |||
r-patched-linux-x86_64 | 0.1.5 | 36.05 | 69.25 | 105.30 | NOTE | |
r-release-linux-x86_64 | 0.1.5 | 30.10 | 67.91 | 98.01 | NOTE | |
r-release-macos-arm64 | 0.1.5 | 46.00 | NOTE | |||
r-release-macos-x86_64 | 0.1.5 | 73.00 | NOTE | |||
r-release-windows-x86_64 | 0.1.5 | 70.00 | 134.00 | 204.00 | NOTE | |
r-oldrel-macos-arm64 | 0.1.5 | 49.00 | NOTE | |||
r-oldrel-macos-x86_64 | 0.1.5 | 80.00 | NOTE | |||
r-oldrel-windows-ix86+x86_64 | 0.1.5 | 103.00 | 146.00 | 249.00 | NOTE |
Version: 0.1.5
Check: LazyData
Result: NOTE
'LazyData' is specified without a 'data' directory
Flavors: r-devel-linux-x86_64-debian-clang, r-devel-linux-x86_64-debian-gcc, r-devel-linux-x86_64-fedora-clang, r-devel-linux-x86_64-fedora-gcc, r-patched-linux-x86_64, r-release-linux-x86_64, r-release-macos-arm64, r-release-macos-x86_64, r-release-windows-x86_64, r-oldrel-macos-arm64, r-oldrel-macos-x86_64, r-oldrel-windows-ix86+x86_64
Version: 0.1.5
Check: Rd cross-references
Result: NOTE
Undeclared package ‘tm’ in Rd xrefs
Flavor: r-devel-linux-x86_64-fedora-clang
Version: 0.1.5
Check: installed package size
Result: NOTE
installed size is 5.3Mb
sub-directories of 1Mb or more:
extdata 2.9Mb
libs 2.1Mb
Flavor: r-oldrel-windows-ix86+x86_64