CRAN Package Check Results for Package textreuse

Last updated on 2024-06-13 22:49:47 CEST.

Flavor Version Tinstall Tcheck Ttotal Status Flags
r-devel-linux-x86_64-debian-clang 0.1.5 50.31 75.51 125.82 NOTE
r-devel-linux-x86_64-debian-gcc 0.1.5 0.52 1.87 2.39 ERROR
r-devel-linux-x86_64-fedora-clang 0.1.5 175.35 NOTE
r-devel-linux-x86_64-fedora-gcc 0.1.5 181.71 NOTE
r-devel-windows-x86_64 0.1.5 39.00 101.00 140.00 NOTE
r-patched-linux-x86_64 0.1.5 42.23 71.80 114.03 NOTE
r-release-linux-x86_64 0.1.5 29.91 73.31 103.22 NOTE
r-release-macos-arm64 0.1.5 52.00 NOTE
r-release-macos-x86_64 0.1.5 69.00 NOTE
r-release-windows-x86_64 0.1.5 42.00 103.00 145.00 NOTE
r-oldrel-macos-arm64 0.1.5 60.00 NOTE
r-oldrel-macos-x86_64 0.1.5 88.00 NOTE
r-oldrel-windows-x86_64 0.1.5 50.00 117.00 167.00 NOTE

Check Details

Version: 0.1.5
Check: LazyData
Result: NOTE 'LazyData' is specified without a 'data' directory Flavors: r-devel-linux-x86_64-debian-clang, r-devel-linux-x86_64-fedora-clang, r-devel-linux-x86_64-fedora-gcc, r-devel-windows-x86_64, r-patched-linux-x86_64, r-release-linux-x86_64, r-release-macos-arm64, r-release-macos-x86_64, r-release-windows-x86_64, r-oldrel-macos-arm64, r-oldrel-macos-x86_64, r-oldrel-windows-x86_64

Version: 0.1.5
Check: package dependencies
Result: ERROR Packages required but not available: 'dplyr', 'stringr', 'tibble', 'tidyr' Package suggested but not available for checking: ‘testthat’ See section ‘The DESCRIPTION file’ in the ‘Writing R Extensions’ manual. Flavor: r-devel-linux-x86_64-debian-gcc

Version: 0.1.5
Check: Rd cross-references
Result: NOTE Undeclared package ‘tm’ in Rd xrefs Flavor: r-devel-linux-x86_64-fedora-clang