CRAN Package Check Results for Package tfdeploy

Last updated on 2021-07-25 23:00:33 CEST.

Flavor Version Tinstall Tcheck Ttotal Status Flags
r-devel-linux-x86_64-debian-clang 0.6.1 8.67 74.47 83.14 NOTE
r-devel-linux-x86_64-debian-gcc 0.6.1 6.01 56.81 62.82 NOTE
r-devel-linux-x86_64-fedora-clang 0.6.1 109.53 NOTE
r-devel-windows-x86_64 0.6.1 12.00 102.00 114.00 NOTE
r-devel-windows-x86_64-gcc10-UCRT 0.6.1 NOTE
r-patched-linux-x86_64 0.6.1 7.06 70.96 78.02 NOTE
r-patched-solaris-x86 0.6.1 149.60 NOTE
r-release-linux-x86_64 0.6.1 7.16 70.83 77.99 NOTE
r-release-macos-arm64 0.6.1 NOTE
r-release-macos-x86_64 0.6.1 NOTE
r-release-windows-ix86+x86_64 0.6.1 19.00 93.00 112.00 NOTE
r-oldrel-macos-x86_64 0.6.1 OK
r-oldrel-windows-ix86+x86_64 0.6.1 12.00 96.00 108.00 OK

Check Details

Version: 0.6.1
Check: LazyData
Result: NOTE
     'LazyData' is specified without a 'data' directory
Flavors: r-devel-linux-x86_64-debian-clang, r-devel-linux-x86_64-debian-gcc, r-devel-linux-x86_64-fedora-clang, r-devel-windows-x86_64, r-devel-windows-x86_64-gcc10-UCRT, r-patched-linux-x86_64, r-patched-solaris-x86, r-release-linux-x86_64, r-release-macos-arm64, r-release-macos-x86_64, r-release-windows-ix86+x86_64