CRAN Package Check Results for Package tfdeploy

Last updated on 2021-11-29 22:59:27 CET.

Flavor Version Tinstall Tcheck Ttotal Status Flags
r-devel-linux-x86_64-debian-clang 0.6.1 8.46 71.89 80.35 NOTE
r-devel-linux-x86_64-debian-gcc 0.6.1 6.92 57.43 64.35 NOTE
r-devel-linux-x86_64-fedora-clang 0.6.1 127.07 NOTE
r-devel-linux-x86_64-fedora-gcc 0.6.1 102.55 NOTE
r-devel-windows-x86_64-new-UL 0.6.1 17.00 123.00 140.00 NOTE
r-devel-windows-x86_64-new-TK 0.6.1 NOTE
r-devel-windows-x86_64-old 0.6.1 13.00 75.00 88.00 NOTE
r-patched-linux-x86_64 0.6.1 7.78 70.25 78.03 NOTE
r-patched-solaris-x86 0.6.1 148.40 NOTE
r-release-linux-x86_64 0.6.1 8.93 70.76 79.69 NOTE
r-release-macos-arm64 0.6.1 NOTE
r-release-macos-x86_64 0.6.1 NOTE
r-release-windows-ix86+x86_64 0.6.1 19.00 73.00 92.00 NOTE
r-oldrel-macos-x86_64 0.6.1 OK
r-oldrel-windows-ix86+x86_64 0.6.1 14.00 72.00 86.00 OK

Check Details

Version: 0.6.1
Check: LazyData
Result: NOTE
     'LazyData' is specified without a 'data' directory
Flavors: r-devel-linux-x86_64-debian-clang, r-devel-linux-x86_64-debian-gcc, r-devel-linux-x86_64-fedora-clang, r-devel-linux-x86_64-fedora-gcc, r-devel-windows-x86_64-new-UL, r-devel-windows-x86_64-new-TK, r-devel-windows-x86_64-old, r-patched-linux-x86_64, r-patched-solaris-x86, r-release-linux-x86_64, r-release-macos-arm64, r-release-macos-x86_64, r-release-windows-ix86+x86_64