CRAN Package Check Results for Package tfhub

Last updated on 2021-05-14 23:51:03 CEST.

Flavor Version Tinstall Tcheck Ttotal Status Flags
r-devel-linux-x86_64-debian-clang 0.8.0 7.62 73.34 80.96 NOTE
r-devel-linux-x86_64-debian-gcc 0.8.0 5.96 56.29 62.25 NOTE
r-devel-linux-x86_64-fedora-clang 0.8.0 109.49 NOTE
r-devel-linux-x86_64-fedora-gcc 0.8.0 97.35 NOTE
r-devel-windows-ix86+x86_64 0.8.0 18.00 77.00 95.00 NOTE
r-devel-windows-x86_64-gcc10-UCRT 0.8.0 NOTE
r-patched-linux-x86_64 0.8.0 7.89 71.00 78.89 NOTE
r-patched-solaris-x86 0.8.0 141.30 NOTE
r-release-linux-x86_64 0.8.0 6.44 68.43 74.87 OK
r-release-macos-x86_64 0.8.0 OK
r-release-windows-ix86+x86_64 0.8.0 16.00 105.00 121.00 OK
r-oldrel-macos-x86_64 0.8.0 OK
r-oldrel-windows-ix86+x86_64 0.8.0 11.00 89.00 100.00 OK

Check Details

Version: 0.8.0
Check: LazyData
Result: NOTE
     'LazyData' is specified without a 'data' directory
Flavors: r-devel-linux-x86_64-debian-clang, r-devel-linux-x86_64-debian-gcc, r-devel-linux-x86_64-fedora-clang, r-devel-linux-x86_64-fedora-gcc, r-devel-windows-ix86+x86_64, r-devel-windows-x86_64-gcc10-UCRT, r-patched-linux-x86_64, r-patched-solaris-x86