CRAN Package Check Results for Package tfruns

Last updated on 2021-11-29 22:59:27 CET.

Flavor Version Tinstall Tcheck Ttotal Status Flags
r-devel-linux-x86_64-debian-clang 1.5.0 3.31 38.99 42.30 NOTE
r-devel-linux-x86_64-debian-gcc 1.5.0 3.05 30.67 33.72 NOTE
r-devel-linux-x86_64-fedora-clang 1.5.0 75.27 NOTE
r-devel-linux-x86_64-fedora-gcc 1.5.0 56.06 NOTE
r-devel-windows-x86_64-new-UL 1.5.0 14.00 109.00 123.00 NOTE
r-devel-windows-x86_64-new-TK 1.5.0 NOTE
r-devel-windows-x86_64-old 1.5.0 7.00 72.00 79.00 NOTE
r-patched-linux-x86_64 1.5.0 6.68 39.10 45.78 NOTE
r-patched-solaris-x86 1.5.0 75.10 NOTE
r-release-linux-x86_64 1.5.0 4.00 39.16 43.16 NOTE
r-release-macos-arm64 1.5.0 NOTE
r-release-macos-x86_64 1.5.0 NOTE
r-release-windows-ix86+x86_64 1.5.0 9.00 70.00 79.00 NOTE
r-oldrel-macos-x86_64 1.5.0 OK
r-oldrel-windows-ix86+x86_64 1.5.0 6.00 75.00 81.00 OK

Check Details

Version: 1.5.0
Check: LazyData
Result: NOTE
     'LazyData' is specified without a 'data' directory
Flavors: r-devel-linux-x86_64-debian-clang, r-devel-linux-x86_64-debian-gcc, r-devel-linux-x86_64-fedora-clang, r-devel-linux-x86_64-fedora-gcc, r-devel-windows-x86_64-new-UL, r-devel-windows-x86_64-new-TK, r-devel-windows-x86_64-old, r-patched-linux-x86_64, r-patched-solaris-x86, r-release-linux-x86_64, r-release-macos-arm64, r-release-macos-x86_64, r-release-windows-ix86+x86_64