CRAN Package Check Results for Package tgp

Last updated on 2021-05-14 23:51:03 CEST.

Flavor Version Tinstall Tcheck Ttotal Status Flags
r-devel-linux-x86_64-debian-clang 2.4-17 33.17 57.81 90.98 OK --no-vignettes
r-devel-linux-x86_64-debian-gcc 2.4-17 21.51 43.46 64.97 OK --no-vignettes
r-devel-linux-x86_64-fedora-clang 2.4-17 141.27 NOTE --no-vignettes
r-devel-linux-x86_64-fedora-gcc 2.4-17 106.24 OK --no-vignettes
r-devel-windows-ix86+x86_64 2.4-17 91.00 55.00 146.00 NOTE --no-examples --no-tests --no-vignettes
r-devel-windows-x86_64-gcc10-UCRT 2.4-17 FAIL
r-patched-linux-x86_64 2.4-17 27.58 57.05 84.63 OK --no-vignettes
r-patched-solaris-x86 2.4-17 130.70 OK --no-vignettes
r-release-linux-x86_64 2.4-17 23.95 54.47 78.42 OK --no-vignettes
r-release-macos-x86_64 2.4-17 OK --no-vignettes
r-release-windows-ix86+x86_64 2.4-17 69.00 75.00 144.00 NOTE --no-examples --no-tests --no-vignettes
r-oldrel-macos-x86_64 2.4-17 OK --no-vignettes
r-oldrel-windows-ix86+x86_64 2.4-17 60.00 77.00 137.00 NOTE --no-examples --no-tests --no-vignettes

Check Details

Version: 2.4-17
Flags: --no-vignettes
Check: Rd cross-references
Result: NOTE
    Undeclared package ‘akima’ in Rd xrefs
Flavor: r-devel-linux-x86_64-fedora-clang

Version: 2.4-17
Flags: --no-examples --no-tests --no-vignettes
Check: installed package size
Result: NOTE
     installed size is 5.4Mb
     sub-directories of 1Mb or more:
     doc 2.8Mb
     libs 2.2Mb
Flavors: r-devel-windows-ix86+x86_64, r-release-windows-ix86+x86_64, r-oldrel-windows-ix86+x86_64

Version: 2.4-17
Check: running R code from vignettes
Result: ERROR
    Errors in running code in vignettes:
    when running code in 'tgp2.Rnw'
     ...
    > rmse3
    [1] 1.825078
    
    > tgp.trees(fit3, "map")
    
    > graphics.off()
    
    > fit4 <- btgpllm(X = X, Z = Z, XX = XX, verb = 0)
    
    ... incomplete output. Crash?
    
     'tgp.Rnw'... OK
     'tgp2.Rnw'... failed to complete the test
Flavor: r-devel-windows-x86_64-gcc10-UCRT

Version: 2.4-17
Check: re-building of vignette outputs
Result: FAIL
Flavor: r-devel-windows-x86_64-gcc10-UCRT