Last updated on 2024-04-18 22:53:03 CEST.
Flavor | Version | Tinstall | Tcheck | Ttotal | Status | Flags |
---|---|---|---|---|---|---|
r-devel-linux-x86_64-debian-clang | 0.6.1 | 17.32 | 157.90 | 175.22 | OK | |
r-devel-linux-x86_64-debian-gcc | 0.6.1 | 14.13 | 114.27 | 128.40 | OK | |
r-devel-linux-x86_64-fedora-clang | 0.6.1 | 223.81 | OK | |||
r-devel-linux-x86_64-fedora-gcc | 0.6.1 | 230.71 | OK | |||
r-prerel-macos-arm64 | 0.6.1 | 66.00 | OK | |||
r-prerel-macos-x86_64 | 0.6.1 | 188.00 | NOTE | |||
r-prerel-windows-x86_64 | 0.6.1 | 15.00 | 121.00 | 136.00 | OK | |
r-patched-linux-x86_64 | 0.6.1 | 12.91 | 144.24 | 157.15 | OK | |
r-release-linux-x86_64 | 0.6.1 | 11.10 | 150.66 | 161.76 | OK | |
r-release-macos-arm64 | 0.6.1 | 71.00 | NOTE | |||
r-release-macos-x86_64 | 0.6.1 | 143.00 | NOTE | |||
r-release-windows-x86_64 | 0.6.1 | 20.00 | 153.00 | 173.00 | OK | |
r-oldrel-macos-arm64 | 0.6.1 | 62.00 | NOTE | |||
r-oldrel-windows-x86_64 | 0.6.1 | 20.00 | 151.00 | 171.00 | OK |
Version: 0.6.1
Check: package dependencies
Result: NOTE
Package suggested but not available for checking: ‘theftdlc’
Flavors: r-prerel-macos-x86_64, r-release-macos-arm64, r-release-macos-x86_64, r-oldrel-macos-arm64