CRAN Package Check Results for Package thematic

Last updated on 2021-10-23 22:58:05 CEST.

Flavor Version Tinstall Tcheck Ttotal Status Flags
r-devel-linux-x86_64-debian-clang 0.1.2.1 4.52 50.97 55.49 OK
r-devel-linux-x86_64-debian-gcc 0.1.2.1 3.01 39.13 42.14 OK
r-devel-linux-x86_64-fedora-clang 0.1.2.1 75.52 OK
r-devel-linux-x86_64-fedora-gcc 0.1.2.1 67.59 OK
r-devel-windows-x86_64 0.1.2.1 8.00 78.00 86.00 OK
r-devel-windows-x86_64-gcc10-UCRT 0.1.2.1 OK
r-patched-linux-x86_64 0.1.2.1 4.09 48.13 52.22 OK
r-patched-solaris-x86 0.1.2.1 91.80 OK
r-release-linux-x86_64 0.1.2.1 4.13 49.29 53.42 OK
r-release-macos-arm64 0.1.2.1 NOTE
r-release-macos-x86_64 0.1.2.1 OK
r-release-windows-ix86+x86_64 0.1.2.1 7.00 74.00 81.00 OK
r-oldrel-macos-x86_64 0.1.2.1 OK
r-oldrel-windows-ix86+x86_64 0.1.2.1 9.00 75.00 84.00 OK

Check Details

Version: 0.1.2.1
Check: package dependencies
Result: NOTE
    Packages suggested but not available for checking: 'sysfonts', 'showtext'
Flavor: r-release-macos-arm64