CRAN Package Check Results for Package thematic

Last updated on 2021-07-27 01:51:06 CEST.

Flavor Version Tinstall Tcheck Ttotal Status Flags
r-devel-linux-x86_64-debian-clang 0.1.2.1 4.61 51.78 56.39 OK
r-devel-linux-x86_64-debian-gcc 0.1.2.1 3.64 39.23 42.87 OK
r-devel-linux-x86_64-fedora-clang 0.1.2.1 63.87 OK
r-devel-linux-x86_64-fedora-gcc 0.1.2.1 60.84 OK
r-devel-windows-x86_64 0.1.2.1 7.00 72.00 79.00 OK
r-devel-windows-x86_64-gcc10-UCRT 0.1.2.1 OK
r-patched-linux-x86_64 0.1.2.1 3.97 48.93 52.90 OK
r-patched-solaris-x86 0.1.2.1 85.60 OK
r-release-linux-x86_64 0.1.2.1 4.44 48.80 53.24 OK
r-release-macos-arm64 0.1.2.1 NOTE
r-release-macos-x86_64 0.1.2.1 OK
r-release-windows-ix86+x86_64 0.1.2.1 9.00 70.00 79.00 OK
r-oldrel-macos-x86_64 0.1.2.1 OK
r-oldrel-windows-ix86+x86_64 0.1.2.1 7.00 73.00 80.00 OK

Check Details

Version: 0.1.2.1
Check: package dependencies
Result: NOTE
    Packages suggested but not available for checking: 'sysfonts', 'showtext'
Flavor: r-release-macos-arm64