Last updated on 2023-09-30 22:59:21 CEST.
Flavor | Version | Tinstall | Tcheck | Ttotal | Status | Flags |
---|---|---|---|---|---|---|
r-devel-linux-x86_64-debian-clang | 1.0.1 | 13.39 | 50.05 | 63.44 | NOTE | |
r-devel-linux-x86_64-debian-gcc | 1.0.1 | 11.35 | 37.72 | 49.07 | NOTE | |
r-devel-linux-x86_64-fedora-clang | 1.0.1 | 79.02 | NOTE | |||
r-devel-linux-x86_64-fedora-gcc | 1.0.1 | 78.00 | NOTE | |||
r-devel-windows-x86_64 | 1.0.1 | 14.00 | 59.00 | 73.00 | NOTE | |
r-patched-linux-x86_64 | 1.0.1 | 11.16 | 46.94 | 58.10 | OK | |
r-release-linux-x86_64 | 1.0.1 | 9.49 | 47.46 | 56.95 | OK | |
r-release-macos-arm64 | 1.0.1 | 32.00 | OK | |||
r-release-macos-x86_64 | 1.0.1 | 49.00 | OK | |||
r-release-windows-x86_64 | 1.0.1 | 18.00 | 66.00 | 84.00 | OK | |
r-oldrel-macos-arm64 | 1.0.1 | 32.00 | NOTE | |||
r-oldrel-macos-x86_64 | 1.0.1 | 49.00 | NOTE | |||
r-oldrel-windows-x86_64 | 1.0.1 | 19.00 | 65.00 | 84.00 | OK |
Version: 1.0.1
Check: Rd \usage sections
Result: NOTE
Documented arguments not in \usage in documentation object 'witcherMap':
‘palettes’
Functions with \usage entries need to have the appropriate \alias
entries, and all their arguments documented.
The \usage entries must correspond to syntactically valid R code.
See chapter ‘Writing R documentation files’ in the ‘Writing R
Extensions’ manual.
Flavors: r-devel-linux-x86_64-debian-clang, r-devel-linux-x86_64-debian-gcc, r-devel-linux-x86_64-fedora-clang, r-devel-linux-x86_64-fedora-gcc, r-devel-windows-x86_64
Version: 1.0.1
Check: dependencies in R code
Result: NOTE
Namespaces in Imports field not imported from:
‘MASS’ ‘readr’ ‘tidyverse’ ‘usethis’
All declared Imports should be used.
Flavors: r-devel-linux-x86_64-fedora-clang, r-devel-linux-x86_64-fedora-gcc, r-oldrel-macos-arm64, r-oldrel-macos-x86_64