CRAN Package Check Results for Package thor

Last updated on 2021-05-05 22:51:53 CEST.

Flavor Version Tinstall Tcheck Ttotal Status Flags
r-devel-linux-x86_64-debian-clang 1.1.2 11.09 37.10 48.19 NOTE
r-devel-linux-x86_64-debian-gcc 1.1.2 7.49 29.06 36.55 NOTE
r-devel-linux-x86_64-fedora-clang 1.1.2 68.27 NOTE
r-devel-linux-x86_64-fedora-gcc 1.1.2 58.11 NOTE
r-devel-windows-ix86+x86_64 1.1.2 26.00 71.00 97.00 NOTE
r-devel-windows-x86_64-gcc10-UCRT 1.1.2 NOTE
r-patched-linux-x86_64 1.1.2 10.30 35.82 46.12 NOTE
r-patched-solaris-x86 1.1.2 79.60 OK
r-release-linux-x86_64 1.1.2 8.93 35.17 44.10 OK
r-release-macos-x86_64 1.1.2 OK
r-release-windows-ix86+x86_64 1.1.2 25.00 61.00 86.00 OK
r-oldrel-macos-x86_64 1.1.2 OK
r-oldrel-windows-ix86+x86_64 1.1.2 25.00 69.00 94.00 OK

Check Details

Version: 1.1.2
Check: LazyData
Result: NOTE
     'LazyData' is specified without a 'data' directory
Flavors: r-devel-linux-x86_64-debian-clang, r-devel-linux-x86_64-debian-gcc, r-devel-linux-x86_64-fedora-clang, r-devel-linux-x86_64-fedora-gcc, r-devel-windows-ix86+x86_64, r-devel-windows-x86_64-gcc10-UCRT, r-patched-linux-x86_64