Last updated on 2024-03-28 23:02:00 CET.
Flavor | Version | Tinstall | Tcheck | Ttotal | Status | Flags |
---|---|---|---|---|---|---|
r-devel-linux-x86_64-debian-clang | 0.2.1 | 28.16 | 180.44 | 208.60 | OK | |
r-devel-linux-x86_64-debian-gcc | 0.2.1 | 31.67 | 133.16 | 164.83 | OK | |
r-devel-linux-x86_64-fedora-clang | 0.2.1 | 288.80 | NOTE | |||
r-devel-linux-x86_64-fedora-gcc | 0.2.1 | 292.94 | OK | |||
r-devel-windows-x86_64 | 0.2.1 | 36.00 | 137.00 | 173.00 | OK | |
r-patched-linux-x86_64 | 0.2.1 | 35.04 | 168.32 | 203.36 | OK | |
r-release-linux-x86_64 | 0.2.1 | 35.77 | 171.69 | 207.46 | OK | |
r-release-macos-arm64 | 0.2.1 | 85.00 | OK | |||
r-release-macos-x86_64 | 0.2.1 | 159.00 | OK | |||
r-release-windows-x86_64 | 0.2.1 | 45.00 | 170.00 | 215.00 | OK | |
r-oldrel-macos-arm64 | 0.2.1 | 57.00 | OK | |||
r-oldrel-windows-x86_64 | 0.2.1 | 45.00 | 182.00 | 227.00 | OK |
Version: 0.2.1
Check: package dependencies
Result: NOTE
Imports includes 25 non-default packages.
Importing from so many packages makes the package vulnerable to any of
them becoming unavailable. Move as many as possible to Suggests and
use conditionally.
Flavor: r-devel-linux-x86_64-fedora-clang