CRAN Package Check Results for Package tidyLPA

Last updated on 2021-09-18 23:50:09 CEST.

Flavor Version Tinstall Tcheck Ttotal Status Flags
r-devel-linux-x86_64-debian-clang 1.0.8 9.61 133.55 143.16 OK
r-devel-linux-x86_64-debian-gcc 1.0.8 7.92 95.62 103.54 OK
r-devel-linux-x86_64-fedora-clang 1.0.8 178.76 NOTE
r-devel-linux-x86_64-fedora-gcc 1.0.8 165.69 NOTE
r-devel-windows-x86_64 1.0.8 14.00 180.00 194.00 OK
r-devel-windows-x86_64-gcc10-UCRT 1.0.8 NOTE
r-patched-linux-x86_64 1.0.8 8.81 124.73 133.54 OK
r-patched-solaris-x86 1.0.8 246.30 NOTE
r-release-linux-x86_64 1.0.8 9.78 125.15 134.93 OK
r-release-macos-arm64 1.0.8 NOTE
r-release-macos-x86_64 1.0.8 NOTE
r-release-windows-ix86+x86_64 1.0.8 23.00 133.00 156.00 OK
r-oldrel-macos-x86_64 1.0.8 NOTE
r-oldrel-windows-ix86+x86_64 1.0.8 23.00 133.00 156.00 OK

Check Details

Version: 1.0.8
Check: dependencies in R code
Result: NOTE
    Namespace in Imports field not imported from: ‘mix’
     All declared Imports should be used.
Flavors: r-devel-linux-x86_64-fedora-clang, r-devel-linux-x86_64-fedora-gcc, r-devel-windows-x86_64-gcc10-UCRT, r-patched-solaris-x86, r-release-macos-arm64, r-release-macos-x86_64, r-oldrel-macos-x86_64