CRAN Package Check Results for Package tidyLPA

Last updated on 2020-02-17 22:49:51 CET.

Flavor Version Tinstall Tcheck Ttotal Status Flags
r-devel-linux-x86_64-debian-clang 1.0.5 9.18 121.30 130.48 OK
r-devel-linux-x86_64-debian-gcc 1.0.5 8.36 88.42 96.78 OK
r-devel-linux-x86_64-fedora-clang 1.0.5 153.41 NOTE
r-devel-linux-x86_64-fedora-gcc 1.0.5 147.38 NOTE
r-devel-windows-ix86+x86_64 1.0.5 19.00 147.00 166.00 OK
r-devel-windows-ix86+x86_64-gcc8 1.0.4 27.00 154.00 181.00 OK
r-patched-linux-x86_64 1.0.5 7.00 107.49 114.49 OK
r-patched-solaris-x86 1.0.5 216.10 NOTE
r-release-linux-x86_64 1.0.5 7.43 107.58 115.01 OK
r-release-windows-ix86+x86_64 1.0.5 14.00 126.00 140.00 OK
r-release-osx-x86_64 1.0.5 NOTE
r-oldrel-windows-ix86+x86_64 1.0.5 16.00 185.00 201.00 OK
r-oldrel-osx-x86_64 1.0.5 NOTE

Check Details

Version: 1.0.5
Check: dependencies in R code
Result: NOTE
    Namespace in Imports field not imported from: ‘mix’
     All declared Imports should be used.
Flavors: r-devel-linux-x86_64-fedora-clang, r-devel-linux-x86_64-fedora-gcc, r-patched-solaris-x86, r-release-osx-x86_64, r-oldrel-osx-x86_64