CRAN Package Check Results for Package tidybayes

Last updated on 2021-06-13 22:48:35 CEST.

Flavor Version Tinstall Tcheck Ttotal Status Flags
r-devel-linux-x86_64-debian-clang 2.3.1 9.68 198.68 208.36 NOTE
r-devel-linux-x86_64-debian-gcc 2.3.1 7.52 151.37 158.89 NOTE
r-devel-linux-x86_64-fedora-clang 2.3.1 260.92 NOTE
r-devel-linux-x86_64-fedora-gcc 2.3.1 224.13 NOTE
r-devel-windows-x86_64 2.3.1 16.00 257.00 273.00 NOTE
r-devel-windows-x86_64-gcc10-UCRT 2.3.1 NOTE
r-patched-linux-x86_64 2.3.1 16.83 191.43 208.26 NOTE
r-patched-solaris-x86 2.3.1 342.00 NOTE
r-release-linux-x86_64 2.3.1 8.22 188.57 196.79 NOTE
r-release-macos-arm64 2.3.1 NOTE
r-release-macos-x86_64 2.3.1 NOTE
r-release-windows-ix86+x86_64 2.3.1 21.00 267.00 288.00 NOTE
r-oldrel-macos-x86_64 2.3.1 OK
r-oldrel-windows-ix86+x86_64 2.3.1 23.00 259.00 282.00 OK

Check Details

Version: 2.3.1
Check: LazyData
Result: NOTE
     'LazyData' is specified without a 'data' directory
Flavors: r-devel-linux-x86_64-debian-clang, r-devel-linux-x86_64-debian-gcc, r-devel-linux-x86_64-fedora-clang, r-devel-linux-x86_64-fedora-gcc, r-devel-windows-x86_64, r-devel-windows-x86_64-gcc10-UCRT, r-patched-linux-x86_64, r-patched-solaris-x86, r-release-linux-x86_64, r-release-macos-arm64, r-release-macos-x86_64, r-release-windows-ix86+x86_64

Version: 2.3.1
Check: package dependencies
Result: NOTE
    Packages suggested but not available for checking: 'vdiffr', 'transformr'
Flavor: r-devel-windows-x86_64-gcc10-UCRT

Version: 2.3.1
Check: package dependencies
Result: NOTE
    Package suggested but not available for checking: ‘gifski’
Flavor: r-patched-solaris-x86

Version: 2.3.1
Check: installed package size
Result: NOTE
     installed size is 5.2Mb
     sub-directories of 1Mb or more:
     doc 4.5Mb
Flavor: r-patched-solaris-x86

Version: 2.3.1
Check: package dependencies
Result: NOTE
    Packages suggested but not available for checking:
     'runjags', 'rjags', 'jagsUI', 'transformr'
Flavor: r-release-macos-arm64

Version: 2.3.1
Check: Rd cross-references
Result: NOTE
    Packages unavailable to check Rd xrefs: ‘runjags’, ‘rjags’, ‘jagsUI’
Flavor: r-release-macos-arm64