CRAN Package Check Results for Package tidyboot

Last updated on 2021-05-06 22:55:38 CEST.

Flavor Version Tinstall Tcheck Ttotal Status Flags
r-devel-linux-x86_64-debian-clang 0.1.1 3.91 62.31 66.22 NOTE
r-devel-linux-x86_64-debian-gcc 0.1.1 2.82 46.92 49.74 NOTE
r-devel-linux-x86_64-fedora-clang 0.1.1 87.08 NOTE
r-devel-linux-x86_64-fedora-gcc 0.1.1 76.48 NOTE
r-devel-windows-ix86+x86_64 0.1.1 12.00 82.00 94.00 NOTE
r-devel-windows-x86_64-gcc10-UCRT 0.1.1 NOTE
r-patched-linux-x86_64 0.1.1 3.83 58.13 61.96 NOTE
r-patched-solaris-x86 0.1.1 109.10 OK
r-release-linux-x86_64 0.1.1 3.94 58.23 62.17 OK
r-release-macos-x86_64 0.1.1 OK
r-release-windows-ix86+x86_64 0.1.1 7.00 67.00 74.00 OK
r-oldrel-macos-x86_64 0.1.1 OK
r-oldrel-windows-ix86+x86_64 0.1.1 9.00 78.00 87.00 OK

Check Details

Version: 0.1.1
Check: LazyData
Result: NOTE
     'LazyData' is specified without a 'data' directory
Flavors: r-devel-linux-x86_64-debian-clang, r-devel-linux-x86_64-debian-gcc, r-devel-linux-x86_64-fedora-clang, r-devel-linux-x86_64-fedora-gcc, r-devel-windows-ix86+x86_64, r-devel-windows-x86_64-gcc10-UCRT, r-patched-linux-x86_64