Last updated on 2024-03-27 22:58:01 CET.
Flavor | Version | Tinstall | Tcheck | Ttotal | Status | Flags |
---|---|---|---|---|---|---|
r-devel-linux-x86_64-debian-clang | 0.2.1 | 21.10 | 240.89 | 261.99 | OK | |
r-devel-linux-x86_64-debian-gcc | 0.2.1 | 16.08 | 182.52 | 198.60 | OK | |
r-devel-linux-x86_64-fedora-clang | 0.2.1 | 331.11 | OK | |||
r-devel-linux-x86_64-fedora-gcc | 0.2.1 | 335.15 | OK | |||
r-devel-windows-x86_64 | 0.2.1 | 20.00 | 168.00 | 188.00 | ERROR | |
r-patched-linux-x86_64 | 0.2.1 | 14.95 | 234.52 | 249.47 | OK | |
r-release-linux-x86_64 | 0.2.1 | 13.61 | 233.38 | 246.99 | OK | |
r-release-macos-arm64 | 0.2.1 | 86.00 | OK | |||
r-release-macos-x86_64 | 0.2.1 | 261.00 | OK | |||
r-release-windows-x86_64 | 0.2.1 | 24.00 | 238.00 | 262.00 | OK | |
r-oldrel-macos-arm64 | 0.2.1 | 89.00 | OK | |||
r-oldrel-windows-x86_64 | 0.2.1 | 25.00 | 234.00 | 259.00 | OK |
Version: 0.2.1
Check: tests
Result: ERROR
Running 'testthat.R' [33s]
Running the tests in 'tests/testthat.R' failed.
Complete output:
> library(testthat)
> library(tidyclust)
>
> test_check("tidyclust")
Flavor: r-devel-windows-x86_64