Last updated on 2023-10-02 22:08:13 CEST.
Flavor | Version | Tinstall | Tcheck | Ttotal | Status | Flags |
---|---|---|---|---|---|---|
r-devel-linux-x86_64-debian-clang | 1.7.7 | 7.67 | 131.96 | 139.63 | OK | |
r-devel-linux-x86_64-debian-gcc | 1.7.7 | 4.97 | 94.24 | 99.21 | OK | |
r-devel-linux-x86_64-fedora-clang | 1.7.7 | 160.14 | NOTE | |||
r-devel-linux-x86_64-fedora-gcc | 1.7.7 | 160.73 | OK | |||
r-devel-windows-x86_64 | 1.7.7 | 7.00 | 118.00 | 125.00 | OK | |
r-patched-linux-x86_64 | 1.7.7 | 12.05 | 120.54 | 132.59 | OK | |
r-release-linux-x86_64 | 1.7.7 | 6.49 | 119.71 | 126.20 | OK | |
r-release-macos-arm64 | 1.7.7 | 57.00 | OK | |||
r-release-macos-x86_64 | 1.7.7 | 126.00 | OK | |||
r-release-windows-x86_64 | 1.7.7 | 10.00 | 139.00 | 149.00 | OK | |
r-oldrel-macos-arm64 | 1.7.7 | 49.00 | OK | |||
r-oldrel-macos-x86_64 | 1.7.7 | 66.00 | OK | |||
r-oldrel-windows-x86_64 | 1.7.7 | 10.00 | 134.00 | 144.00 | OK |
Version: 1.7.7
Check: Rd cross-references
Result: NOTE
Undeclared packages ‘fastDummies’, ‘widyr’, ‘pacman’, ‘sjmisc’ in Rd xrefs
Flavor: r-devel-linux-x86_64-fedora-clang