Last updated on 2023-09-28 23:09:01 CEST.
Flavor | Version | Tinstall | Tcheck | Ttotal | Status | Flags |
---|---|---|---|---|---|---|
r-devel-linux-x86_64-debian-clang | 0.4.9 | 8.36 | 68.35 | 76.71 | NOTE | |
r-devel-linux-x86_64-debian-gcc | 0.4.9 | 6.02 | 51.33 | 57.35 | NOTE | |
r-devel-linux-x86_64-fedora-clang | 0.4.9 | 91.51 | NOTE | |||
r-devel-linux-x86_64-fedora-gcc | 0.4.9 | 100.26 | NOTE | |||
r-devel-windows-x86_64 | 0.4.9 | 8.00 | 74.00 | 82.00 | NOTE | |
r-patched-linux-x86_64 | 0.4.9 | 4.64 | 64.33 | 68.97 | OK | |
r-release-linux-x86_64 | 0.4.9 | 4.36 | 64.75 | 69.11 | OK | |
r-release-macos-arm64 | 0.4.9 | 35.00 | OK | |||
r-release-macos-x86_64 | 0.4.9 | 58.00 | OK | |||
r-release-windows-x86_64 | 0.4.9 | 9.00 | 86.00 | 95.00 | OK | |
r-oldrel-macos-arm64 | 0.4.9 | 30.00 | OK | |||
r-oldrel-macos-x86_64 | 0.4.9 | 65.00 | OK | |||
r-oldrel-windows-x86_64 | 0.4.9 | 10.00 | 81.00 | 91.00 | OK |
Version: 0.4.9
Check: Rd \usage sections
Result: NOTE
Documented arguments not in \usage in documentation object 'gate_interactive_chr_int':
‘gate_list’
Documented arguments not in \usage in documentation object 'gate_programmatic':
‘...’
Documented arguments not in \usage in documentation object 'gate_programmatic_chr_int':
‘...’
Functions with \usage entries need to have the appropriate \alias
entries, and all their arguments documented.
The \usage entries must correspond to syntactically valid R code.
See chapter ‘Writing R documentation files’ in the ‘Writing R
Extensions’ manual.
Flavors: r-devel-linux-x86_64-debian-clang, r-devel-linux-x86_64-debian-gcc, r-devel-linux-x86_64-fedora-clang, r-devel-linux-x86_64-fedora-gcc, r-devel-windows-x86_64