Last updated on 2024-03-28 23:02:00 CET.
Flavor | Version | Tinstall | Tcheck | Ttotal | Status | Flags |
---|---|---|---|---|---|---|
r-devel-linux-x86_64-debian-clang | 0.6.1 | 8.95 | 127.80 | 136.75 | OK | |
r-devel-linux-x86_64-debian-gcc | 0.6.1 | 6.52 | 94.59 | 101.11 | OK | |
r-devel-linux-x86_64-fedora-clang | 0.6.1 | 171.55 | NOTE | |||
r-devel-linux-x86_64-fedora-gcc | 0.6.1 | 173.68 | NOTE | |||
r-devel-windows-x86_64 | 0.6.1 | 8.00 | 122.00 | 130.00 | OK | |
r-patched-linux-x86_64 | 0.6.1 | 6.88 | 121.66 | 128.54 | OK | |
r-release-linux-x86_64 | 0.6.1 | 5.23 | 120.52 | 125.75 | OK | |
r-release-macos-arm64 | 0.6.1 | 79.00 | OK | |||
r-release-macos-x86_64 | 0.6.1 | 129.00 | OK | |||
r-release-windows-x86_64 | 0.6.1 | 13.00 | 142.00 | 155.00 | OK | |
r-oldrel-macos-arm64 | 0.6.1 | 63.00 | OK | |||
r-oldrel-windows-x86_64 | 0.6.1 | 13.00 | 137.00 | 150.00 | OK |
Version: 0.6.1
Check: data for non-ASCII characters
Result: NOTE
Note: found 60 marked UTF-8 strings
Flavors: r-devel-linux-x86_64-fedora-clang, r-devel-linux-x86_64-fedora-gcc