CRAN Package Check Results for Package tidyinftheo

Last updated on 2018-06-20 22:49:39 CEST.

Flavor Version Tinstall Tcheck Ttotal Status Flags
r-release-osx-x86_64 0.2.1 ERROR
r-oldrel-osx-x86_64 0.2.1 NOTE

Check Details

Version: 0.2.1
Check: dependencies in R code
Result: NOTE
    Namespaces in Imports field not imported from:
     ‘tibble’ ‘tidyverse’
     All declared Imports should be used.
Flavors: r-release-osx-x86_64, r-oldrel-osx-x86_64

Version: 0.2.1
Check: tests
Result: ERROR
     Running ‘testthat.R’ [2s/4s]
    Running the tests in ‘tests/testthat.R’ failed.
    Last 13 lines of output:
     12: shannon_entropy(.)
     13: reduce_data(.data, !!enquo(X), numvars = 1, na.rm = na.rm)
     14: tidyselect::vars_select(names(reduced_tab), !!!quos(...))
     15: vars_select_eval(.vars, quos)
     16: map_lgl(quos, quo_is_helper)
     17: .f(.x[[i]], ...)
     18: extract_expr(quo)
     19: is_call(expr, paren_sym)
    
     ══ testthat results ═══════════════════════════════════════════════════════════
     OK: 37 SKIPPED: 0 FAILED: 1
     1. Error: right number of columns given (@test-errors.R#10)
    
     Error: testthat unit tests failed
     Execution halted
Flavor: r-release-osx-x86_64