CRAN Package Check Results for Package tidyquant

Last updated on 2019-09-20 22:50:15 CEST.

Flavor Version Tinstall Tcheck Ttotal Status Flags
r-devel-linux-x86_64-debian-clang 0.5.6 11.45 170.04 181.49 ERROR
r-devel-linux-x86_64-debian-gcc 0.5.6 9.30 128.21 137.51 ERROR
r-devel-linux-x86_64-fedora-clang 0.5.6 136.91 ERROR
r-devel-linux-x86_64-fedora-gcc 0.5.6 110.21 ERROR
r-devel-windows-ix86+x86_64 0.5.6 51.00 321.00 372.00 ERROR
r-patched-linux-x86_64 0.5.6 9.89 161.59 171.48 ERROR
r-patched-solaris-x86 0.5.6 269.40 ERROR
r-release-linux-x86_64 0.5.6 10.41 162.80 173.21 ERROR
r-release-windows-ix86+x86_64 0.5.6 27.00 235.00 262.00 ERROR
r-release-osx-x86_64 0.5.6 ERROR
r-oldrel-windows-ix86+x86_64 0.5.6 16.00 212.00 228.00 ERROR
r-oldrel-osx-x86_64 0.5.6 NOTE

Check Details

Version: 0.5.6
Check: tests
Result: ERROR
     Running 'testthat.R' [10s/25s]
    Running the tests in 'tests/testthat.R' failed.
    Complete output:
     > library(testthat)
     > library(tidyquant)
     Loading required package: lubridate
    
     Attaching package: 'lubridate'
    
     The following object is masked from 'package:base':
    
     date
    
     Loading required package: PerformanceAnalytics
     Loading required package: xts
     Loading required package: zoo
    
     Attaching package: 'zoo'
    
     The following objects are masked from 'package:base':
    
     as.Date, as.Date.numeric
    
    
     Attaching package: 'PerformanceAnalytics'
    
     The following object is masked from 'package:graphics':
    
     legend
    
     Loading required package: quantmod
     Loading required package: TTR
     Version 0.4-0 included new data defaults. See ?getSymbols.
     Loading required package: tidyverse
     -- Attaching packages --------------------------------------- tidyverse 1.2.1 --
     v ggplot2 3.2.1 v purrr 0.3.2
     v tibble 2.1.3 v dplyr 0.8.3
     v tidyr 1.0.0 v stringr 1.4.0
     v readr 1.3.1 v forcats 0.4.0
     -- Conflicts ------------------------------------------ tidyverse_conflicts() --
     x lubridate::as.difftime() masks base::as.difftime()
     x lubridate::date() masks base::date()
     x dplyr::filter() masks stats::filter()
     x dplyr::first() masks xts::first()
     x lubridate::intersect() masks base::intersect()
     x purrr::is_null() masks testthat::is_null()
     x dplyr::lag() masks stats::lag()
     x dplyr::last() masks xts::last()
     x dplyr::matches() masks tidyr::matches(), testthat::matches()
     x lubridate::setdiff() masks base::setdiff()
     x lubridate::union() masks base::union()
     >
     > test_check("tidyquant")
     -- 1. Failure: Test 1.2 grouped data frames are same with mutate and tq_mutate (
     `test1.2a` not identical to `test1.2b`.
     Objects equal but not identical
    
     == testthat results ===========================================================
     [ OK: 125 | SKIPPED: 1 | WARNINGS: 26 | FAILED: 1 ]
     1. Failure: Test 1.2 grouped data frames are same with mutate and tq_mutate (@test_tq_mutate.R#93)
    
     Error: testthat unit tests failed
     Execution halted
Flavor: r-devel-linux-x86_64-debian-clang

Version: 0.5.6
Check: tests
Result: ERROR
     Running ‘testthat.R’ [7s/24s]
    Running the tests in ‘tests/testthat.R’ failed.
    Complete output:
     > library(testthat)
     > library(tidyquant)
     Loading required package: lubridate
    
     Attaching package: 'lubridate'
    
     The following object is masked from 'package:base':
    
     date
    
     Loading required package: PerformanceAnalytics
     Loading required package: xts
     Loading required package: zoo
    
     Attaching package: 'zoo'
    
     The following objects are masked from 'package:base':
    
     as.Date, as.Date.numeric
    
    
     Attaching package: 'PerformanceAnalytics'
    
     The following object is masked from 'package:graphics':
    
     legend
    
     Loading required package: quantmod
     Loading required package: TTR
     Version 0.4-0 included new data defaults. See ?getSymbols.
     Loading required package: tidyverse
     ── Attaching packages ─────────────────────────────────────── tidyverse 1.2.1 ──
     ✔ ggplot2 3.2.1 ✔ purrr 0.3.2
     ✔ tibble 2.1.3 ✔ dplyr 0.8.3
     ✔ tidyr 1.0.0 ✔ stringr 1.4.0
     ✔ readr 1.3.1 ✔ forcats 0.4.0
     ── Conflicts ────────────────────────────────────────── tidyverse_conflicts() ──
     ✖ lubridate::as.difftime() masks base::as.difftime()
     ✖ lubridate::date() masks base::date()
     ✖ dplyr::filter() masks stats::filter()
     ✖ dplyr::first() masks xts::first()
     ✖ lubridate::intersect() masks base::intersect()
     ✖ purrr::is_null() masks testthat::is_null()
     ✖ dplyr::lag() masks stats::lag()
     ✖ dplyr::last() masks xts::last()
     ✖ dplyr::matches() masks tidyr::matches(), testthat::matches()
     ✖ lubridate::setdiff() masks base::setdiff()
     ✖ lubridate::union() masks base::union()
     >
     > test_check("tidyquant")
     ── 1. Failure: Test 1.2 grouped data frames are same with mutate and tq_mutate (
     `test1.2a` not identical to `test1.2b`.
     Objects equal but not identical
    
     ══ testthat results ═══════════════════════════════════════════════════════════
     [ OK: 125 | SKIPPED: 1 | WARNINGS: 26 | FAILED: 1 ]
     1. Failure: Test 1.2 grouped data frames are same with mutate and tq_mutate (@test_tq_mutate.R#93)
    
     Error: testthat unit tests failed
     Execution halted
Flavor: r-devel-linux-x86_64-debian-gcc

Version: 0.5.6
Check: dependencies in R code
Result: NOTE
    Namespace in Imports field not imported from: ‘xml2’
     All declared Imports should be used.
Flavors: r-devel-linux-x86_64-fedora-clang, r-devel-linux-x86_64-fedora-gcc, r-patched-solaris-x86, r-release-osx-x86_64, r-oldrel-osx-x86_64

Version: 0.5.6
Check: tests
Result: ERROR
     Running ‘testthat.R’ [8s/19s]
    Running the tests in ‘tests/testthat.R’ failed.
    Complete output:
     > library(testthat)
     > library(tidyquant)
     Loading required package: lubridate
    
     Attaching package: 'lubridate'
    
     The following object is masked from 'package:base':
    
     date
    
     Loading required package: PerformanceAnalytics
     Loading required package: xts
     Loading required package: zoo
    
     Attaching package: 'zoo'
    
     The following objects are masked from 'package:base':
    
     as.Date, as.Date.numeric
    
    
     Attaching package: 'PerformanceAnalytics'
    
     The following object is masked from 'package:graphics':
    
     legend
    
     Loading required package: quantmod
     Loading required package: TTR
     Version 0.4-0 included new data defaults. See ?getSymbols.
     Loading required package: tidyverse
     ── Attaching packages ─────────────────────────────────────── tidyverse 1.2.1 ──
     ✔ ggplot2 3.2.1 ✔ purrr 0.3.2
     ✔ tibble 2.1.3 ✔ dplyr 0.8.3
     ✔ tidyr 1.0.0 ✔ stringr 1.4.0
     ✔ readr 1.3.1 ✔ forcats 0.4.0
     ── Conflicts ────────────────────────────────────────── tidyverse_conflicts() ──
     ✖ lubridate::as.difftime() masks base::as.difftime()
     ✖ lubridate::date() masks base::date()
     ✖ dplyr::filter() masks stats::filter()
     ✖ dplyr::first() masks xts::first()
     ✖ lubridate::intersect() masks base::intersect()
     ✖ purrr::is_null() masks testthat::is_null()
     ✖ dplyr::lag() masks stats::lag()
     ✖ dplyr::last() masks xts::last()
     ✖ dplyr::matches() masks tidyr::matches(), testthat::matches()
     ✖ lubridate::setdiff() masks base::setdiff()
     ✖ lubridate::union() masks base::union()
     >
     > test_check("tidyquant")
     ── 1. Failure: Test 1.2 grouped data frames are same with mutate and tq_mutate (
     `test1.2a` not identical to `test1.2b`.
     Objects equal but not identical
    
     ══ testthat results ═══════════════════════════════════════════════════════════
     [ OK: 125 | SKIPPED: 1 | WARNINGS: 26 | FAILED: 1 ]
     1. Failure: Test 1.2 grouped data frames are same with mutate and tq_mutate (@test_tq_mutate.R#93)
    
     Error: testthat unit tests failed
     Execution halted
Flavor: r-devel-linux-x86_64-fedora-clang

Version: 0.5.6
Check: tests
Result: ERROR
     Running ‘testthat.R’ [5s/15s]
    Running the tests in ‘tests/testthat.R’ failed.
    Complete output:
     > library(testthat)
     > library(tidyquant)
     Loading required package: lubridate
    
     Attaching package: 'lubridate'
    
     The following object is masked from 'package:base':
    
     date
    
     Loading required package: PerformanceAnalytics
     Loading required package: xts
     Loading required package: zoo
    
     Attaching package: 'zoo'
    
     The following objects are masked from 'package:base':
    
     as.Date, as.Date.numeric
    
    
     Attaching package: 'PerformanceAnalytics'
    
     The following object is masked from 'package:graphics':
    
     legend
    
     Loading required package: quantmod
     Loading required package: TTR
     Version 0.4-0 included new data defaults. See ?getSymbols.
     Loading required package: tidyverse
     ── Attaching packages ─────────────────────────────────────── tidyverse 1.2.1 ──
     ✔ ggplot2 3.2.1 ✔ purrr 0.3.2
     ✔ tibble 2.1.3 ✔ dplyr 0.8.3
     ✔ tidyr 1.0.0 ✔ stringr 1.4.0
     ✔ readr 1.3.1 ✔ forcats 0.4.0
     ── Conflicts ────────────────────────────────────────── tidyverse_conflicts() ──
     ✖ lubridate::as.difftime() masks base::as.difftime()
     ✖ lubridate::date() masks base::date()
     ✖ dplyr::filter() masks stats::filter()
     ✖ dplyr::first() masks xts::first()
     ✖ lubridate::intersect() masks base::intersect()
     ✖ purrr::is_null() masks testthat::is_null()
     ✖ dplyr::lag() masks stats::lag()
     ✖ dplyr::last() masks xts::last()
     ✖ dplyr::matches() masks tidyr::matches(), testthat::matches()
     ✖ lubridate::setdiff() masks base::setdiff()
     ✖ lubridate::union() masks base::union()
     >
     > test_check("tidyquant")
     ── 1. Failure: Test 1.2 grouped data frames are same with mutate and tq_mutate (
     `test1.2a` not identical to `test1.2b`.
     Objects equal but not identical
    
     ══ testthat results ═══════════════════════════════════════════════════════════
     [ OK: 125 | SKIPPED: 1 | WARNINGS: 26 | FAILED: 1 ]
     1. Failure: Test 1.2 grouped data frames are same with mutate and tq_mutate (@test_tq_mutate.R#93)
    
     Error: testthat unit tests failed
     Execution halted
Flavor: r-devel-linux-x86_64-fedora-gcc

Version: 0.5.6
Check: tests
Result: ERROR
     Running 'testthat.R' [23s]
    Running the tests in 'tests/testthat.R' failed.
    Complete output:
     > library(testthat)
     > library(tidyquant)
     Loading required package: lubridate
    
     Attaching package: 'lubridate'
    
     The following object is masked from 'package:base':
    
     date
    
     Loading required package: PerformanceAnalytics
     Loading required package: xts
     Loading required package: zoo
    
     Attaching package: 'zoo'
    
     The following objects are masked from 'package:base':
    
     as.Date, as.Date.numeric
    
    
     Attaching package: 'PerformanceAnalytics'
    
     The following object is masked from 'package:graphics':
    
     legend
    
     Loading required package: quantmod
     Loading required package: TTR
     Version 0.4-0 included new data defaults. See ?getSymbols.
     Loading required package: tidyverse
     -- Attaching packages --------------------------------------- tidyverse 1.2.1 --
     v ggplot2 3.2.1 v purrr 0.3.2
     v tibble 2.1.3 v dplyr 0.8.3
     v tidyr 1.0.0 v stringr 1.4.0
     v readr 1.3.1 v forcats 0.4.0
     -- Conflicts ------------------------------------------ tidyverse_conflicts() --
     x lubridate::as.difftime() masks base::as.difftime()
     x lubridate::date() masks base::date()
     x dplyr::filter() masks stats::filter()
     x dplyr::first() masks xts::first()
     x lubridate::intersect() masks base::intersect()
     x purrr::is_null() masks testthat::is_null()
     x dplyr::lag() masks stats::lag()
     x dplyr::last() masks xts::last()
     x dplyr::matches() masks tidyr::matches(), testthat::matches()
     x lubridate::setdiff() masks base::setdiff()
     x lubridate::union() masks base::union()
     >
     > test_check("tidyquant")
     -- 1. Failure: Test 1.2 grouped data frames are same with mutate and tq_mutate (
     `test1.2a` not identical to `test1.2b`.
     Objects equal but not identical
    
     == testthat results ===========================================================
     [ OK: 125 | SKIPPED: 1 | WARNINGS: 26 | FAILED: 1 ]
     1. Failure: Test 1.2 grouped data frames are same with mutate and tq_mutate (@test_tq_mutate.R#93)
    
     Error: testthat unit tests failed
     Execution halted
Flavors: r-devel-windows-ix86+x86_64, r-release-windows-ix86+x86_64, r-oldrel-windows-ix86+x86_64

Version: 0.5.6
Check: tests
Result: ERROR
     Running ‘testthat.R’ [9s/25s]
    Running the tests in ‘tests/testthat.R’ failed.
    Complete output:
     > library(testthat)
     > library(tidyquant)
     Loading required package: lubridate
    
     Attaching package: 'lubridate'
    
     The following object is masked from 'package:base':
    
     date
    
     Loading required package: PerformanceAnalytics
     Loading required package: xts
     Loading required package: zoo
    
     Attaching package: 'zoo'
    
     The following objects are masked from 'package:base':
    
     as.Date, as.Date.numeric
    
    
     Attaching package: 'PerformanceAnalytics'
    
     The following object is masked from 'package:graphics':
    
     legend
    
     Loading required package: quantmod
     Loading required package: TTR
     Version 0.4-0 included new data defaults. See ?getSymbols.
     Loading required package: tidyverse
     ── Attaching packages ─────────────────────────────────────── tidyverse 1.2.1 ──
     ✔ ggplot2 3.2.1 ✔ purrr 0.3.2
     ✔ tibble 2.1.3 ✔ dplyr 0.8.3
     ✔ tidyr 1.0.0 ✔ stringr 1.4.0
     ✔ readr 1.3.1 ✔ forcats 0.4.0
     ── Conflicts ────────────────────────────────────────── tidyverse_conflicts() ──
     ✖ lubridate::as.difftime() masks base::as.difftime()
     ✖ lubridate::date() masks base::date()
     ✖ dplyr::filter() masks stats::filter()
     ✖ dplyr::first() masks xts::first()
     ✖ lubridate::intersect() masks base::intersect()
     ✖ purrr::is_null() masks testthat::is_null()
     ✖ dplyr::lag() masks stats::lag()
     ✖ dplyr::last() masks xts::last()
     ✖ dplyr::matches() masks tidyr::matches(), testthat::matches()
     ✖ lubridate::setdiff() masks base::setdiff()
     ✖ lubridate::union() masks base::union()
     >
     > test_check("tidyquant")
     ── 1. Failure: Test 1.2 grouped data frames are same with mutate and tq_mutate (
     `test1.2a` not identical to `test1.2b`.
     Objects equal but not identical
    
     ══ testthat results ═══════════════════════════════════════════════════════════
     [ OK: 125 | SKIPPED: 1 | WARNINGS: 26 | FAILED: 1 ]
     1. Failure: Test 1.2 grouped data frames are same with mutate and tq_mutate (@test_tq_mutate.R#93)
    
     Error: testthat unit tests failed
     Execution halted
Flavors: r-patched-linux-x86_64, r-release-linux-x86_64

Version: 0.5.6
Check: package dependencies
Result: NOTE
    Package suggested but not available for checking: ‘Rblpapi’
Flavor: r-patched-solaris-x86

Version: 0.5.6
Check: installed package size
Result: NOTE
     installed size is 5.1Mb
     sub-directories of 1Mb or more:
     doc 4.1Mb
Flavor: r-patched-solaris-x86

Version: 0.5.6
Check: Rd cross-references
Result: NOTE
    Package unavailable to check Rd xrefs: ‘Rblpapi’
Flavor: r-patched-solaris-x86

Version: 0.5.6
Check: tests
Result: ERROR
     Running ‘testthat.R’ [14s/50s]
    Running the tests in ‘tests/testthat.R’ failed.
    Complete output:
     > library(testthat)
     > library(tidyquant)
     Loading required package: lubridate
    
     Attaching package: 'lubridate'
    
     The following object is masked from 'package:base':
    
     date
    
     Loading required package: PerformanceAnalytics
     Loading required package: xts
     Loading required package: zoo
    
     Attaching package: 'zoo'
    
     The following objects are masked from 'package:base':
    
     as.Date, as.Date.numeric
    
    
     Attaching package: 'PerformanceAnalytics'
    
     The following object is masked from 'package:graphics':
    
     legend
    
     Loading required package: quantmod
     Loading required package: TTR
     Version 0.4-0 included new data defaults. See ?getSymbols.
     Loading required package: tidyverse
     ── Attaching packages ─────────────────────────────────────── tidyverse 1.2.1 ──
     ✔ ggplot2 3.2.1 ✔ purrr 0.3.2
     ✔ tibble 2.1.3 ✔ dplyr 0.8.3
     ✔ tidyr 1.0.0 ✔ stringr 1.4.0
     ✔ readr 1.3.1 ✔ forcats 0.4.0
     ── Conflicts ────────────────────────────────────────── tidyverse_conflicts() ──
     ✖ lubridate::as.difftime() masks base::as.difftime()
     ✖ lubridate::date() masks base::date()
     ✖ dplyr::filter() masks stats::filter()
     ✖ dplyr::first() masks xts::first()
     ✖ lubridate::intersect() masks base::intersect()
     ✖ purrr::is_null() masks testthat::is_null()
     ✖ dplyr::lag() masks stats::lag()
     ✖ dplyr::last() masks xts::last()
     ✖ dplyr::matches() masks tidyr::matches(), testthat::matches()
     ✖ lubridate::setdiff() masks base::setdiff()
     ✖ lubridate::union() masks base::union()
     >
     > test_check("tidyquant")
     ── 1. Failure: Test 1.2 grouped data frames are same with mutate and tq_mutate (
     `test1.2a` not identical to `test1.2b`.
     Objects equal but not identical
    
     ══ testthat results ═══════════════════════════════════════════════════════════
     [ OK: 125 | SKIPPED: 1 | WARNINGS: 26 | FAILED: 1 ]
     1. Failure: Test 1.2 grouped data frames are same with mutate and tq_mutate (@test_tq_mutate.R#93)
    
     Error: testthat unit tests failed
     Execution halted
Flavor: r-patched-solaris-x86

Version: 0.5.6
Check: tests
Result: ERROR
     Running ‘testthat.R’ [8s/20s]
    Running the tests in ‘tests/testthat.R’ failed.
    Last 13 lines of output:
     ── 1. Failure: Test prints warning message on invalid x input. (@test_tq_get_sto
     `tq_get("XYZ", get = get)` did not produce any warnings.
    
     ── 2. Failure: Test returns NA on invalid x input. (@test_tq_get_stock_prices.R#
     suppressWarnings(tq_get("XYZ", get = get)) not equal to NA.
     Cols in y but not x: `NA`.
     Cols in x but not y: `adjusted`, `volume`, `open`, `low`, `high`, `close`, `date`.
    
     ══ testthat results ═══════════════════════════════════════════════════════════
     OK: 124 SKIPPED: 1 WARNINGS: 0 FAILED: 2
     1. Failure: Test prints warning message on invalid x input. (@test_tq_get_stock_prices.R#38)
     2. Failure: Test returns NA on invalid x input. (@test_tq_get_stock_prices.R#42)
    
     Error: testthat unit tests failed
     Execution halted
Flavor: r-release-osx-x86_64