CRAN Package Check Results for Package tidyselect

Last updated on 2024-06-12 22:56:48 CEST.

Flavor Version Tinstall Tcheck Ttotal Status Flags
r-devel-linux-x86_64-debian-clang 1.2.1 4.55 86.86 91.41 OK
r-devel-linux-x86_64-debian-gcc 1.2.1 0.38 1.72 2.10 ERROR
r-devel-linux-x86_64-fedora-clang 1.2.1 115.95 OK
r-devel-linux-x86_64-fedora-gcc 1.2.1 122.96 OK
r-devel-windows-x86_64 1.2.1 5.00 85.00 90.00 OK
r-patched-linux-x86_64 1.2.1 5.45 85.39 90.84 OK
r-release-linux-x86_64 1.2.1 4.83 84.09 88.92 OK
r-release-macos-arm64 1.2.1 42.00 OK
r-release-macos-x86_64 1.2.1 82.00 OK
r-release-windows-x86_64 1.2.1 6.00 87.00 93.00 OK
r-oldrel-macos-arm64 1.2.1 45.00 OK
r-oldrel-macos-x86_64 1.2.1 96.00 OK
r-oldrel-windows-x86_64 1.2.1 7.00 98.00 105.00 OK

Check Details

Version: 1.2.1
Check: package dependencies
Result: ERROR Package required but not available: ‘vctrs’ Packages suggested but not available for checking: 'dplyr', 'stringr', 'testthat', 'tibble' See section ‘The DESCRIPTION file’ in the ‘Writing R Extensions’ manual. Flavor: r-devel-linux-x86_64-debian-gcc