Last updated on 2024-04-23 22:55:39 CEST.
Flavor | Version | Tinstall | Tcheck | Ttotal | Status | Flags |
---|---|---|---|---|---|---|
r-devel-linux-x86_64-debian-clang | 0.9.1 | 3.11 | 47.37 | 50.48 | OK | |
r-devel-linux-x86_64-debian-gcc | 0.9.1 | 3.46 | 35.61 | 39.07 | OK | |
r-devel-linux-x86_64-fedora-clang | 0.9.1 | 66.69 | NOTE | |||
r-devel-linux-x86_64-fedora-gcc | 0.9.1 | 76.84 | NOTE | |||
r-prerel-macos-arm64 | 0.9.1 | 29.00 | OK | |||
r-prerel-windows-x86_64 | 0.9.1 | 6.00 | 56.00 | 62.00 | OK | |
r-patched-linux-x86_64 | 0.9.1 | 4.16 | 44.40 | 48.56 | OK | |
r-release-linux-x86_64 | 0.9.1 | 4.65 | 43.34 | 47.99 | OK | |
r-release-macos-arm64 | 0.9.1 | 32.00 | OK | |||
r-release-macos-x86_64 | 0.9.1 | 44.00 | OK | |||
r-release-windows-x86_64 | 0.9.1 | 7.00 | 59.00 | 66.00 | OK | |
r-oldrel-macos-arm64 | 0.9.1 | 22.00 | NOTE | |||
r-oldrel-windows-x86_64 | 0.9.1 | 7.00 | 63.00 | 70.00 | OK |
Version: 0.9.1
Check: data for non-ASCII characters
Result: NOTE
Note: found 34206 marked UTF-8 strings
Flavors: r-devel-linux-x86_64-fedora-clang, r-devel-linux-x86_64-fedora-gcc, r-oldrel-macos-arm64