CRAN Package Check Results for Package tidytransit

Last updated on 2019-09-20 22:50:15 CEST.

Flavor Version Tinstall Tcheck Ttotal Status Flags
r-devel-linux-x86_64-debian-clang 0.5.2 6.07 259.39 265.46 OK
r-devel-linux-x86_64-debian-gcc 0.5.2 6.43 219.44 225.87 OK
r-devel-linux-x86_64-fedora-clang 0.5.2 335.93 NOTE
r-devel-linux-x86_64-fedora-gcc 0.5.2 341.32 NOTE
r-devel-windows-ix86+x86_64 0.5.2 25.00 366.00 391.00 NOTE
r-patched-linux-x86_64 0.5.2 6.72 277.44 284.16 OK
r-patched-solaris-x86 0.5.2 420.30 NOTE
r-release-linux-x86_64 0.5.2 7.20 275.66 282.86 OK
r-release-windows-ix86+x86_64 0.5.2 14.00 265.00 279.00 NOTE
r-release-osx-x86_64 0.5.2 NOTE
r-oldrel-windows-ix86+x86_64 0.5.2 9.00 260.00 269.00 NOTE
r-oldrel-osx-x86_64 0.5.2 NOTE

Check Details

Version: 0.5.2
Check: installed package size
Result: NOTE
     installed size is 5.8Mb
     sub-directories of 1Mb or more:
     extdata 4.4Mb
Flavors: r-devel-linux-x86_64-fedora-clang, r-devel-windows-ix86+x86_64, r-patched-solaris-x86, r-release-windows-ix86+x86_64, r-release-osx-x86_64, r-oldrel-windows-ix86+x86_64, r-oldrel-osx-x86_64

Version: 0.5.2
Check: dependencies in R code
Result: NOTE
    Namespaces in Imports field not imported from:
     ‘here’ ‘htmltools’ ‘scales’ ‘stringr’
     All declared Imports should be used.
Flavors: r-devel-linux-x86_64-fedora-clang, r-devel-linux-x86_64-fedora-gcc, r-patched-solaris-x86, r-release-osx-x86_64, r-oldrel-osx-x86_64

Version: 0.5.2
Check: data for non-ASCII characters
Result: NOTE
     Note: found 66 marked UTF-8 strings
Flavors: r-devel-linux-x86_64-fedora-clang, r-devel-linux-x86_64-fedora-gcc, r-patched-solaris-x86, r-release-osx-x86_64, r-oldrel-osx-x86_64