CRAN Package Check Results for Package tidytransit

Last updated on 2020-02-22 22:48:03 CET.

Flavor Version Tinstall Tcheck Ttotal Status Flags
r-devel-linux-x86_64-debian-clang 0.6.1 9.72 219.23 228.95 OK
r-devel-linux-x86_64-debian-gcc 0.6.1 7.59 179.07 186.66 OK
r-devel-linux-x86_64-fedora-clang 0.6.1 306.34 NOTE
r-devel-linux-x86_64-fedora-gcc 0.6.1 301.51 NOTE
r-devel-windows-ix86+x86_64 0.6.1 20.00 228.00 248.00 NOTE
r-devel-windows-ix86+x86_64-gcc8 0.6.1 34.00 229.00 263.00 NOTE
r-patched-linux-x86_64 0.6.1 OK
r-patched-solaris-x86 0.6.1 465.50 NOTE
r-release-linux-x86_64 0.6.1 8.57 214.62 223.19 OK
r-release-windows-ix86+x86_64 0.6.1 17.00 246.00 263.00 NOTE
r-release-osx-x86_64 0.6.1 NOTE
r-oldrel-windows-ix86+x86_64 0.6.1 14.00 221.00 235.00 NOTE
r-oldrel-osx-x86_64 0.6.1 NOTE

Check Details

Version: 0.6.1
Check: installed package size
Result: NOTE
     installed size is 6.2Mb
     sub-directories of 1Mb or more:
     doc 1.3Mb
     extdata 4.4Mb
Flavors: r-devel-linux-x86_64-fedora-clang, r-devel-windows-ix86+x86_64, r-devel-windows-ix86+x86_64-gcc8, r-patched-solaris-x86, r-release-windows-ix86+x86_64, r-release-osx-x86_64, r-oldrel-windows-ix86+x86_64, r-oldrel-osx-x86_64

Version: 0.6.1
Check: data for non-ASCII characters
Result: NOTE
     Note: found 62 marked UTF-8 strings
Flavors: r-devel-linux-x86_64-fedora-clang, r-devel-linux-x86_64-fedora-gcc, r-patched-solaris-x86, r-release-osx-x86_64, r-oldrel-osx-x86_64