CRAN Package Check Results for Package tidytree

Last updated on 2019-08-23 22:50:12 CEST.

Flavor Version Tinstall Tcheck Ttotal Status Flags
r-devel-linux-x86_64-debian-clang 0.2.6 4.59 41.55 46.14 OK
r-devel-linux-x86_64-debian-gcc 0.2.6 OK
r-devel-linux-x86_64-fedora-clang 0.2.6 54.44 OK
r-devel-linux-x86_64-fedora-gcc 0.2.6 53.15 OK
r-devel-windows-ix86+x86_64 0.2.6 12.00 86.00 98.00 OK
r-patched-linux-x86_64 0.2.6 4.79 40.25 45.04 OK
r-patched-solaris-x86 0.2.6 83.00 OK
r-release-linux-x86_64 0.2.6 4.72 40.59 45.31 OK
r-release-windows-ix86+x86_64 0.2.6 20.00 101.00 121.00 OK
r-release-osx-x86_64 0.2.6 NOTE
r-oldrel-windows-ix86+x86_64 0.2.6 7.00 86.00 93.00 OK
r-oldrel-osx-x86_64 0.2.6 OK

Check Details

Version: 0.2.6
Check: package dependencies
Result: NOTE
    Packages suggested but not available for checking: 'ggtree', 'treeio'
Flavor: r-release-osx-x86_64