CRAN Package Check Results for Package tigger

Last updated on 2021-10-21 22:50:53 CEST.

Flavor Version Tinstall Tcheck Ttotal Status Flags
r-devel-linux-x86_64-debian-clang 1.0.0 43.56 447.46 491.02 OK
r-devel-linux-x86_64-debian-gcc 1.0.0 35.07 345.41 380.48 OK
r-devel-linux-x86_64-fedora-clang 1.0.0 600.53 OK
r-devel-linux-x86_64-fedora-gcc 1.0.0 591.83 OK
r-devel-windows-x86_64 1.0.0 69.00 432.00 501.00 OK
r-devel-windows-x86_64-gcc10-UCRT 1.0.0 ERROR
r-patched-linux-x86_64 1.0.0 40.47 435.59 476.06 OK
r-patched-solaris-x86 1.0.0 655.80 OK
r-release-linux-x86_64 1.0.0 38.93 432.17 471.10 OK
r-release-macos-arm64 1.0.0 OK
r-release-macos-x86_64 1.0.0 OK
r-release-windows-ix86+x86_64 1.0.0 97.00 507.00 604.00 OK
r-oldrel-macos-x86_64 1.0.0 OK
r-oldrel-windows-ix86+x86_64 1.0.0 99.00 513.00 612.00 OK

Check Details

Version: 1.0.0
Check: package dependencies
Result: ERROR
    Packages required but not available: 'alakazam', 'shazam'
    
    See section 'The DESCRIPTION file' in the 'Writing R Extensions'
    manual.
Flavor: r-devel-windows-x86_64-gcc10-UCRT