Last updated on 2023-10-02 22:08:13 CEST.
Flavor | Version | Tinstall | Tcheck | Ttotal | Status | Flags |
---|---|---|---|---|---|---|
r-devel-linux-x86_64-debian-clang | 0.2.0 | 5.13 | 66.60 | 71.73 | OK | |
r-devel-linux-x86_64-debian-gcc | 0.2.0 | 4.61 | 49.50 | 54.11 | OK | |
r-devel-linux-x86_64-fedora-clang | 0.2.0 | 85.64 | NOTE | |||
r-devel-linux-x86_64-fedora-gcc | 0.2.0 | 94.29 | NOTE | |||
r-devel-windows-x86_64 | 0.2.0 | 9.00 | 70.00 | 79.00 | OK | |
r-patched-linux-x86_64 | 0.2.0 | 4.83 | 62.82 | 67.65 | OK | |
r-release-linux-x86_64 | 0.2.0 | 4.59 | 62.26 | 66.85 | OK | |
r-release-macos-arm64 | 0.2.0 | 37.00 | OK | |||
r-release-macos-x86_64 | 0.2.0 | 55.00 | OK | |||
r-release-windows-x86_64 | 0.2.0 | 10.00 | 78.00 | 88.00 | OK | |
r-oldrel-macos-arm64 | 0.2.0 | 26.00 | NOTE | |||
r-oldrel-macos-x86_64 | 0.2.0 | 41.00 | NOTE | |||
r-oldrel-windows-x86_64 | 0.2.0 | 11.00 | 84.00 | 95.00 | OK |
Version: 0.2.0
Check: dependencies in R code
Result: NOTE
Namespace in Imports field not imported from: ‘sp’
All declared Imports should be used.
Flavors: r-devel-linux-x86_64-fedora-clang, r-devel-linux-x86_64-fedora-gcc, r-oldrel-macos-arm64, r-oldrel-macos-x86_64
Version: 0.2.0
Check: data for non-ASCII characters
Result: NOTE
Note: found 341 marked UTF-8 strings
Flavors: r-devel-linux-x86_64-fedora-clang, r-devel-linux-x86_64-fedora-gcc, r-oldrel-macos-arm64, r-oldrel-macos-x86_64