CRAN Package Check Results for Package tilegramsR

Last updated on 2024-06-13 22:49:48 CEST.

Flavor Version Tinstall Tcheck Ttotal Status Flags
r-devel-linux-x86_64-debian-clang 0.2.0 4.05 50.59 54.64 OK
r-devel-linux-x86_64-debian-gcc 0.2.0 3.80 38.36 42.16 NOTE
r-devel-linux-x86_64-fedora-clang 0.2.0 68.79 NOTE
r-devel-linux-x86_64-fedora-gcc 0.2.0 80.45 NOTE
r-devel-windows-x86_64 0.2.0 8.00 60.00 68.00 OK
r-patched-linux-x86_64 0.2.0 5.86 49.34 55.20 OK
r-release-linux-x86_64 0.2.0 4.37 49.32 53.69 OK
r-release-macos-arm64 0.2.0 30.00 OK
r-release-macos-x86_64 0.2.0 47.00 OK
r-release-windows-x86_64 0.2.0 8.00 61.00 69.00 OK
r-oldrel-macos-arm64 0.2.0 37.00 OK
r-oldrel-macos-x86_64 0.2.0 55.00 OK
r-oldrel-windows-x86_64 0.2.0 9.00 67.00 76.00 OK

Check Details

Version: 0.2.0
Check: package dependencies
Result: NOTE Packages suggested but not available for checking: 'dplyr', 'tidyr' Flavor: r-devel-linux-x86_64-debian-gcc

Version: 0.2.0
Check: dependencies in R code
Result: NOTE Namespace in Imports field not imported from: ‘sp’ All declared Imports should be used. Flavors: r-devel-linux-x86_64-fedora-clang, r-devel-linux-x86_64-fedora-gcc

Version: 0.2.0
Check: data for non-ASCII characters
Result: NOTE Note: found 341 marked UTF-8 strings Flavors: r-devel-linux-x86_64-fedora-clang, r-devel-linux-x86_64-fedora-gcc