Last updated on 2022-05-19 22:54:23 CEST.
Flavor | Version | Tinstall | Tcheck | Ttotal | Status | Flags |
---|---|---|---|---|---|---|
r-devel-linux-x86_64-debian-clang | 3043.102 | 29.39 | 116.45 | 145.84 | NOTE | |
r-devel-linux-x86_64-debian-gcc | 3043.102 | 20.92 | 85.65 | 106.57 | NOTE | |
r-devel-linux-x86_64-fedora-clang | 3043.102 | 172.04 | NOTE | |||
r-devel-linux-x86_64-fedora-gcc | 3043.102 | 166.86 | NOTE | |||
r-devel-windows-x86_64 | 3043.102 | 241.00 | 111.00 | 352.00 | NOTE | |
r-patched-linux-x86_64 | 3043.102 | 28.15 | 112.00 | 140.15 | NOTE | |
r-release-linux-x86_64 | 3043.102 | 27.60 | 110.09 | 137.69 | NOTE | |
r-release-macos-arm64 | 3043.102 | 39.00 | NOTE | |||
r-release-macos-x86_64 | 3043.102 | 59.00 | NOTE | |||
r-release-windows-x86_64 | 3043.102 | 52.00 | 115.00 | 167.00 | NOTE | |
r-oldrel-macos-arm64 | 3043.102 | 48.00 | NOTE | |||
r-oldrel-macos-x86_64 | 3043.102 | 90.00 | NOTE | |||
r-oldrel-windows-ix86+x86_64 | 3043.102 | 48.00 | 108.00 | 156.00 | NOTE |
Version: 3043.102
Check: LazyData
Result: NOTE
'LazyData' is specified without a 'data' directory
Flavors: r-devel-linux-x86_64-debian-clang, r-devel-linux-x86_64-debian-gcc, r-devel-linux-x86_64-fedora-clang, r-devel-linux-x86_64-fedora-gcc, r-devel-windows-x86_64, r-patched-linux-x86_64, r-release-linux-x86_64, r-release-macos-arm64, r-release-macos-x86_64, r-release-windows-x86_64, r-oldrel-macos-arm64, r-oldrel-macos-x86_64, r-oldrel-windows-ix86+x86_64