CRAN Package Check Results for Package tinytex

Last updated on 2019-09-18 22:52:52 CEST.

Flavor Version Tinstall Tcheck Ttotal Status Flags
r-devel-linux-x86_64-debian-clang 0.16 2.57 22.98 25.55 OK
r-devel-linux-x86_64-debian-gcc 0.16 2.08 19.69 21.77 OK
r-devel-linux-x86_64-fedora-clang 0.16 47.40 OK
r-devel-linux-x86_64-fedora-gcc 0.16 44.27 OK
r-devel-windows-ix86+x86_64 0.16 9.00 46.00 55.00 OK
r-patched-linux-x86_64 0.16 1.81 23.15 24.96 OK
r-patched-solaris-x86 0.16 72.10 OK
r-release-linux-x86_64 0.15 2.14 23.72 25.86 OK
r-release-windows-ix86+x86_64 0.15 5.00 47.00 52.00 OK
r-release-osx-x86_64 0.16 NOTE
r-oldrel-windows-ix86+x86_64 0.15 3.00 34.00 37.00 OK
r-oldrel-osx-x86_64 0.16 NOTE

Check Details

Version: 0.16
Check: dependencies in R code
Result: NOTE
    No protocol specified
    No protocol specified
Flavors: r-release-osx-x86_64, r-oldrel-osx-x86_64