CRAN Package Check Results for Package tinytex

Last updated on 2021-09-20 01:49:12 CEST.

Flavor Version Tinstall Tcheck Ttotal Status Flags
r-devel-linux-x86_64-debian-clang 0.33 2.88 30.41 33.29 OK
r-devel-linux-x86_64-debian-gcc 0.33 1.65 23.62 25.27 OK
r-devel-linux-x86_64-fedora-clang 0.33 45.64 OK
r-devel-linux-x86_64-fedora-gcc 0.33 35.53 OK
r-devel-windows-x86_64 0.33 5.00 34.00 39.00 OK
r-devel-windows-x86_64-gcc10-UCRT 0.33 ERROR
r-patched-linux-x86_64 0.33 3.41 29.76 33.17 OK
r-patched-solaris-x86 0.33 76.20 OK
r-release-linux-x86_64 0.33 2.59 29.15 31.74 OK
r-release-macos-arm64 0.33 OK
r-release-macos-x86_64 0.33 OK
r-release-windows-ix86+x86_64 0.33 7.00 33.00 40.00 OK
r-oldrel-macos-x86_64 0.33 OK
r-oldrel-windows-ix86+x86_64 0.33 6.00 33.00 39.00 OK

Check Details

Version: 0.33
Check: whether package can be installed
Result: WARN
    Found the following significant warnings:
     WARNING: installation-time patches will not be applied, could not get the patches index
Flavor: r-devel-windows-x86_64-gcc10-UCRT

Version: 0.33
Check: PDF version of manual
Result: WARN
    LaTeX errors when creating PDF version.
    This typically indicates Rd problems.
Flavor: r-devel-windows-x86_64-gcc10-UCRT

Version: 0.33
Check: PDF version of manual without hyperrefs or index
Result: ERROR
    Re-running with no redirection of stdout/stderr.
Flavor: r-devel-windows-x86_64-gcc10-UCRT