Last updated on 2024-04-18 22:53:03 CEST.
Flavor | Version | Tinstall | Tcheck | Ttotal | Status | Flags |
---|---|---|---|---|---|---|
r-devel-linux-x86_64-debian-clang | 0.1.0 | 5.90 | 173.92 | 179.82 | NOTE | |
r-devel-linux-x86_64-debian-gcc | 0.1.0 | 6.16 | 132.33 | 138.49 | NOTE | |
r-devel-linux-x86_64-fedora-clang | 0.1.0 | 233.53 | NOTE | |||
r-devel-linux-x86_64-fedora-gcc | 0.1.0 | 293.43 | NOTE | |||
r-prerel-macos-arm64 | 0.1.0 | 81.00 | NOTE | |||
r-prerel-windows-x86_64 | 0.1.0 | 8.00 | 140.00 | 148.00 | NOTE | |
r-patched-linux-x86_64 | 0.1.0 | 7.09 | 144.07 | 151.16 | NOTE | |
r-release-linux-x86_64 | 0.1.0 | 6.84 | 148.86 | 155.70 | OK | |
r-release-macos-arm64 | 0.1.0 | 89.00 | OK | |||
r-release-macos-x86_64 | 0.1.0 | 139.00 | OK | |||
r-release-windows-x86_64 | 0.1.0 | 10.00 | 177.00 | 187.00 | OK | |
r-oldrel-macos-arm64 | 0.1.0 | 91.00 | OK | |||
r-oldrel-windows-x86_64 | 0.1.0 | 11.00 | 175.00 | 186.00 | OK |
Version: 0.1.0
Check: Rd files
Result: NOTE
checkRd: (-1) partition_undirected_graph.Rd:20: Lost braces; missing escapes or markup?
20 | \item{cutoff}{Numeric. The value max(0, g_{i,j} - cutoff) so that there are <\code{.num_components}> components in the graph.}
| ^
Flavors: r-devel-linux-x86_64-debian-clang, r-devel-linux-x86_64-debian-gcc, r-devel-linux-x86_64-fedora-clang, r-devel-linux-x86_64-fedora-gcc, r-prerel-macos-arm64, r-prerel-windows-x86_64, r-patched-linux-x86_64