CRAN Package Check Results for Package tlrmvnmvt

Last updated on 2021-07-31 22:53:53 CEST.

Flavor Version Tinstall Tcheck Ttotal Status Flags
r-devel-linux-x86_64-debian-clang 1.1.0 240.76 41.90 282.66 OK
r-devel-linux-x86_64-debian-gcc 1.1.0 147.72 33.42 181.14 OK
r-devel-linux-x86_64-fedora-clang 1.1.0 420.11 NOTE
r-devel-linux-x86_64-fedora-gcc 1.1.0 339.89 OK
r-devel-windows-x86_64 1.1.0 208.00 81.00 289.00 OK
r-devel-windows-x86_64-gcc10-UCRT 1.1.0 OK
r-patched-linux-x86_64 1.1.0 OK
r-patched-solaris-x86 1.1.0 328.10 OK
r-release-linux-x86_64 1.1.0 182.19 42.13 224.32 OK
r-release-macos-arm64 1.1.0 NOTE
r-release-macos-x86_64 1.1.0 NOTE
r-release-windows-ix86+x86_64 1.1.0 557.00 87.00 644.00 OK
r-oldrel-macos-x86_64 1.1.0 NOTE
r-oldrel-windows-ix86+x86_64 1.1.0 383.00 116.00 499.00 OK

Check Details

Version: 1.1.0
Check: installed package size
Result: NOTE
     installed size is 10.4Mb
     sub-directories of 1Mb or more:
     libs 10.3Mb
Flavors: r-devel-linux-x86_64-fedora-clang, r-release-macos-arm64, r-release-macos-x86_64, r-oldrel-macos-x86_64