CRAN Package Check Results for Package tlsh

Last updated on 2021-12-02 22:56:10 CET.

Flavor Version Tinstall Tcheck Ttotal Status Flags
r-devel-linux-x86_64-debian-clang 0.1.0 3.98 92.72 96.70 WARN
r-devel-linux-x86_64-debian-gcc 0.1.0 2.88 63.49 66.37 WARN
r-devel-linux-x86_64-fedora-clang 0.1.0 125.62 WARN
r-devel-linux-x86_64-fedora-gcc 0.1.0 108.39 WARN
r-devel-windows-x86_64-new-UL 0.1.0 10.00 136.00 146.00 WARN
r-devel-windows-x86_64-new-TK 0.1.0 WARN
r-devel-windows-x86_64-old 0.1.0 7.00 93.00 100.00 WARN
r-patched-linux-x86_64 0.1.0 3.51 84.80 88.31 NOTE
r-patched-solaris-x86 0.1.0 104.10 NOTE
r-release-linux-x86_64 0.1.0 3.36 84.00 87.36 NOTE
r-release-macos-arm64 0.1.0 NOTE
r-release-macos-x86_64 0.1.0 NOTE
r-release-windows-ix86+x86_64 0.1.0 10.00 128.00 138.00 NOTE
r-oldrel-macos-x86_64 0.1.0 OK
r-oldrel-windows-ix86+x86_64 0.1.0 9.00 116.00 125.00 OK

Check Details

Version: 0.1.0
Check: whether package can be installed
Result: WARN
    Found the following significant warnings:
     Warning: replacing previous import 'bit64::hashtab' by 'utils::hashtab' when loading 'tlsh'
Flavors: r-devel-linux-x86_64-debian-clang, r-devel-linux-x86_64-debian-gcc, r-devel-linux-x86_64-fedora-clang, r-devel-linux-x86_64-fedora-gcc, r-devel-windows-x86_64-new-UL, r-devel-windows-x86_64-new-TK, r-devel-windows-x86_64-old

Version: 0.1.0
Check: LazyData
Result: NOTE
     'LazyData' is specified without a 'data' directory
Flavors: r-devel-linux-x86_64-debian-clang, r-devel-linux-x86_64-debian-gcc, r-devel-linux-x86_64-fedora-clang, r-devel-linux-x86_64-fedora-gcc, r-devel-windows-x86_64-new-UL, r-devel-windows-x86_64-new-TK, r-devel-windows-x86_64-old, r-patched-linux-x86_64, r-patched-solaris-x86, r-release-linux-x86_64, r-release-macos-arm64, r-release-macos-x86_64, r-release-windows-ix86+x86_64