CRAN Package Check Results for Package tmaptools

Last updated on 2021-05-11 22:50:07 CEST.

Flavor Version Tinstall Tcheck Ttotal Status Flags
r-devel-linux-x86_64-debian-clang 3.1-1 6.70 86.51 93.21 NOTE
r-devel-linux-x86_64-debian-gcc 3.1-1 6.14 65.12 71.26 NOTE
r-devel-linux-x86_64-fedora-clang 3.1-1 122.50 NOTE
r-devel-linux-x86_64-fedora-gcc 3.1-1 110.52 NOTE
r-devel-windows-ix86+x86_64 3.1-1 119.00 107.00 226.00 NOTE
r-devel-windows-x86_64-gcc10-UCRT 3.1-1 NOTE
r-patched-linux-x86_64 3.1-1 6.62 81.95 88.57 NOTE
r-patched-solaris-x86 3.1-1 164.10 NOTE
r-release-linux-x86_64 3.1-1 6.20 81.08 87.28 OK
r-release-macos-x86_64 3.1-1 OK
r-release-windows-ix86+x86_64 3.1-1 107.00 88.00 195.00 OK
r-oldrel-macos-x86_64 3.1-1 OK
r-oldrel-windows-ix86+x86_64 3.1-1 76.00 103.00 179.00 OK

Check Details

Version: 3.1-1
Check: LazyData
Result: NOTE
     'LazyData' is specified without a 'data' directory
Flavors: r-devel-linux-x86_64-debian-clang, r-devel-linux-x86_64-debian-gcc, r-devel-linux-x86_64-fedora-clang, r-devel-linux-x86_64-fedora-gcc, r-devel-windows-ix86+x86_64, r-devel-windows-x86_64-gcc10-UCRT, r-patched-linux-x86_64, r-patched-solaris-x86

Version: 3.1-1
Check: Rd cross-references
Result: NOTE
    Undeclared package ‘sp’ in Rd xrefs
Flavor: r-devel-linux-x86_64-fedora-clang