CRAN Package Check Results for Package tmaptools

Last updated on 2024-02-29 22:59:01 CET.

Flavor Version Tinstall Tcheck Ttotal Status Flags
r-devel-linux-x86_64-debian-clang 3.1-1 7.20 112.85 120.05 NOTE
r-devel-linux-x86_64-debian-gcc 3.1-1 6.39 83.35 89.74 NOTE
r-devel-linux-x86_64-fedora-clang 3.1-1 144.22 NOTE
r-devel-linux-x86_64-fedora-gcc 3.1-1 152.21 NOTE
r-devel-windows-x86_64 3.1-1 8.00 101.00 109.00 NOTE
r-patched-linux-x86_64 3.1-1 8.58 108.91 117.49 NOTE
r-release-linux-x86_64 3.1-1 8.13 109.61 117.74 NOTE
r-release-macos-arm64 3.1-1 54.00 NOTE
r-release-macos-x86_64 3.1-1 80.00 NOTE
r-release-windows-x86_64 3.1-1 12.00 121.00 133.00 NOTE
r-oldrel-macos-arm64 3.1-1 49.00 NOTE
r-oldrel-windows-x86_64 3.1-1 12.00 118.00 130.00 NOTE

Check Details

Version: 3.1-1
Check: LazyData
Result: NOTE 'LazyData' is specified without a 'data' directory Flavors: r-devel-linux-x86_64-debian-clang, r-devel-linux-x86_64-debian-gcc, r-devel-linux-x86_64-fedora-clang, r-devel-linux-x86_64-fedora-gcc, r-devel-windows-x86_64, r-patched-linux-x86_64, r-release-linux-x86_64, r-release-macos-arm64, r-release-macos-x86_64, r-release-windows-x86_64, r-oldrel-macos-arm64, r-oldrel-windows-x86_64

Version: 3.1-1
Check: Rd cross-references
Result: NOTE Undeclared package ‘sp’ in Rd xrefs Flavor: r-devel-linux-x86_64-fedora-clang