CRAN Package Check Results for Package tmcn

Last updated on 2022-01-20 22:54:20 CET.

Flavor Version Tinstall Tcheck Ttotal Status Flags
r-devel-linux-x86_64-debian-clang 0.2-13 OK
r-devel-linux-x86_64-debian-gcc 0.2-13 2.81 27.88 30.69 OK
r-devel-linux-x86_64-fedora-clang 0.2-13 48.61 NOTE
r-devel-linux-x86_64-fedora-gcc 0.2-13 37.68 NOTE
r-devel-windows-x86_64-new-UL 0.2-13 43.00 60.00 103.00 OK
r-devel-windows-x86_64-new-TK 0.2-13 NOTE
r-patched-linux-x86_64 0.2-13 3.49 33.99 37.48 OK
r-release-linux-x86_64 0.2-13 3.35 34.46 37.81 OK
r-release-macos-arm64 0.2-13 NOTE
r-release-macos-x86_64 0.2-13 NOTE
r-release-windows-ix86+x86_64 0.2-13 13.00 65.00 78.00 OK
r-oldrel-macos-x86_64 0.2-13 NOTE
r-oldrel-windows-ix86+x86_64 0.2-13 12.00 65.00 77.00 OK

Check Details

Version: 0.2-13
Check: data for non-ASCII characters
Result: NOTE
     Note: found 134043 marked UTF-8 strings
Flavors: r-devel-linux-x86_64-fedora-clang, r-devel-linux-x86_64-fedora-gcc, r-devel-windows-x86_64-new-TK, r-release-macos-arm64, r-release-macos-x86_64, r-oldrel-macos-x86_64