CRAN Package Check Results for Package tmvtnorm

Last updated on 2021-05-13 22:51:18 CEST.

Flavor Version Tinstall Tcheck Ttotal Status Flags
r-devel-linux-x86_64-debian-clang 1.4-10 10.07 107.55 117.62 OK
r-devel-linux-x86_64-debian-gcc 1.4-10 9.22 81.46 90.68 OK
r-devel-linux-x86_64-fedora-clang 1.4-10 150.24 NOTE
r-devel-linux-x86_64-fedora-gcc 1.4-10 137.98 NOTE
r-devel-windows-ix86+x86_64 1.4-10 26.00 143.00 169.00 OK
r-devel-windows-x86_64-gcc10-UCRT 1.4-10 OK
r-patched-linux-x86_64 1.4-10 12.67 102.64 115.31 OK
r-patched-solaris-x86 1.4-10 189.60 OK
r-release-linux-x86_64 1.4-10 8.31 98.31 106.62 OK
r-release-macos-x86_64 1.4-10 OK
r-release-windows-ix86+x86_64 1.4-10 19.00 193.00 212.00 OK
r-oldrel-macos-x86_64 1.4-10 OK
r-oldrel-windows-ix86+x86_64 1.4-10 26.00 127.00 153.00 OK

Check Details

Version: 1.4-10
Check: compiled code
Result: NOTE
    File ‘tmvtnorm/libs/tmvtnorm.so’:
     Found no calls to: ‘R_registerRoutines’, ‘R_useDynamicSymbols’
    
    It is good practice to register native routines and to disable symbol
    search.
    
    See ‘Writing portable packages’ in the ‘Writing R Extensions’ manual.
Flavors: r-devel-linux-x86_64-fedora-clang, r-devel-linux-x86_64-fedora-gcc