CRAN Package Check Results for Package tmvtnorm

Last updated on 2024-06-17 22:54:13 CEST.

Flavor Version Tinstall Tcheck Ttotal Status Flags
r-devel-linux-x86_64-debian-clang 1.6 15.21 115.89 131.10 OK
r-devel-linux-x86_64-debian-gcc 1.6 9.83 86.33 96.16 OK
r-devel-linux-x86_64-fedora-clang 1.6 160.88 NOTE
r-devel-linux-x86_64-fedora-gcc 1.6 166.43 NOTE
r-devel-windows-x86_64 1.6 13.00 122.00 135.00 OK
r-patched-linux-x86_64 1.6 11.73 116.01 127.74 OK
r-release-linux-x86_64 1.6 13.20 111.08 124.28 OK
r-release-macos-arm64 1.6 52.00 OK
r-release-macos-x86_64 1.6 79.00 OK
r-release-windows-x86_64 1.6 14.00 124.00 138.00 OK
r-oldrel-macos-arm64 1.6 62.00 OK
r-oldrel-macos-x86_64 1.6 146.00 OK
r-oldrel-windows-x86_64 1.6 16.00 140.00 156.00 OK

Check Details

Version: 1.6
Check: compiled code
Result: NOTE File ‘tmvtnorm/libs/tmvtnorm.so’: Found no calls to: ‘R_registerRoutines’, ‘R_useDynamicSymbols’ It is good practice to register native routines and to disable symbol search. See ‘Writing portable packages’ in the ‘Writing R Extensions’ manual. Flavors: r-devel-linux-x86_64-fedora-clang, r-devel-linux-x86_64-fedora-gcc