CRAN Package Check Results for Package tnet

Last updated on 2019-08-16 22:48:34 CEST.

Flavor Version Tinstall Tcheck Ttotal Status Flags
r-devel-linux-x86_64-debian-clang 3.0.14 8.42 80.86 89.28 NOTE
r-devel-linux-x86_64-debian-gcc 3.0.14 7.42 64.16 71.58 NOTE
r-devel-linux-x86_64-fedora-clang 3.0.14 105.00 NOTE
r-devel-linux-x86_64-fedora-gcc 3.0.14 106.19 NOTE
r-devel-windows-ix86+x86_64 3.0.14 15.00 102.00 117.00 OK
r-patched-linux-x86_64 3.0.14 9.05 79.08 88.13 OK
r-patched-solaris-x86 3.0.14 166.70 OK
r-release-linux-x86_64 3.0.14 7.75 79.55 87.30 OK
r-release-windows-ix86+x86_64 3.0.14 22.00 119.00 141.00 OK
r-release-osx-x86_64 3.0.14 OK
r-oldrel-windows-ix86+x86_64 3.0.14 13.00 115.00 128.00 OK
r-oldrel-osx-x86_64 3.0.14 OK

Check Details

Version: 3.0.14
Check: for non-standard things in the check directory
Result: NOTE
    Found the following files/directories:
     'tnet_ucinet_network-2019-08-16_014700.dl'
Flavor: r-devel-linux-x86_64-debian-clang

Version: 3.0.14
Check: for non-standard things in the check directory
Result: NOTE
    Found the following files/directories:
     ‘tnet_ucinet_network-2019-08-16_110815.dl’
Flavor: r-devel-linux-x86_64-debian-gcc

Version: 3.0.14
Check: for non-standard things in the check directory
Result: NOTE
    Found the following files/directories:
     ‘tnet_ucinet_network-2019-08-11_155635.dl’
Flavor: r-devel-linux-x86_64-fedora-clang

Version: 3.0.14
Check: for non-standard things in the check directory
Result: NOTE
    Found the following files/directories:
     ‘tnet_ucinet_network-2019-08-12_013202.dl’
Flavor: r-devel-linux-x86_64-fedora-gcc