CRAN Package Check Results for Package togglr

Last updated on 2021-07-29 00:49:29 CEST.

Flavor Version Tinstall Tcheck Ttotal Status Flags
r-devel-linux-x86_64-debian-clang 0.1.33 NOTE
r-devel-linux-x86_64-debian-gcc 0.1.33 4.75 42.71 47.46 NOTE
r-devel-linux-x86_64-fedora-clang 0.1.33 81.74 NOTE
r-devel-linux-x86_64-fedora-gcc 0.1.33 70.41 NOTE
r-devel-windows-x86_64 0.1.33 8.00 86.00 94.00 NOTE
r-devel-windows-x86_64-gcc10-UCRT 0.1.33 NOTE
r-patched-linux-x86_64 0.1.33 6.08 51.69 57.77 NOTE
r-patched-solaris-x86 0.1.33 102.00 NOTE
r-release-linux-x86_64 0.1.33 6.05 52.18 58.23 NOTE
r-release-macos-arm64 0.1.33 NOTE
r-release-macos-x86_64 0.1.33 NOTE
r-release-windows-ix86+x86_64 0.1.33 15.00 61.00 76.00 NOTE
r-oldrel-macos-x86_64 0.1.33 OK
r-oldrel-windows-ix86+x86_64 0.1.33 11.00 78.00 89.00 OK

Check Details

Version: 0.1.33
Check: LazyData
Result: NOTE
     'LazyData' is specified without a 'data' directory
Flavors: r-devel-linux-x86_64-debian-clang, r-devel-linux-x86_64-debian-gcc, r-devel-linux-x86_64-fedora-clang, r-devel-linux-x86_64-fedora-gcc, r-devel-windows-x86_64, r-devel-windows-x86_64-gcc10-UCRT, r-patched-linux-x86_64, r-patched-solaris-x86, r-release-linux-x86_64, r-release-macos-arm64, r-release-macos-x86_64, r-release-windows-ix86+x86_64