CRAN Package Check Results for Package tokenizers

Last updated on 2021-06-11 22:54:27 CEST.

Flavor Version Tinstall Tcheck Ttotal Status Flags
r-devel-linux-x86_64-debian-clang 0.2.1 31.54 42.60 74.14 OK
r-devel-linux-x86_64-debian-gcc 0.2.1 19.58 33.05 52.63 OK
r-devel-linux-x86_64-fedora-clang 0.2.1 105.38 NOTE
r-devel-linux-x86_64-fedora-gcc 0.2.1 89.74 NOTE
r-devel-windows-x86_64 0.2.1 38.00 56.00 94.00 OK
r-devel-windows-x86_64-gcc10-UCRT 0.2.1 NOTE
r-patched-linux-x86_64 0.2.1 25.66 41.01 66.67 OK
r-patched-solaris-x86 0.2.1 111.50 NOTE
r-release-linux-x86_64 0.2.1 24.31 40.62 64.93 OK
r-release-macos-arm64 0.2.1 NOTE
r-release-macos-x86_64 0.2.1 NOTE
r-release-windows-ix86+x86_64 0.2.1 57.00 98.00 155.00 OK
r-oldrel-macos-x86_64 0.2.1 NOTE
r-oldrel-windows-ix86+x86_64 0.2.1 53.00 89.00 142.00 OK

Check Details

Version: 0.2.1
Check: data for non-ASCII characters
Result: NOTE
     Note: found 1 marked UTF-8 string
Flavors: r-devel-linux-x86_64-fedora-clang, r-devel-linux-x86_64-fedora-gcc, r-devel-windows-x86_64-gcc10-UCRT, r-patched-solaris-x86, r-release-macos-arm64, r-release-macos-x86_64, r-oldrel-macos-x86_64