CRAN Package Check Results for Package toolStability

Last updated on 2024-07-16 22:48:48 CEST.

Flavor Version Tinstall Tcheck Ttotal Status Flags
r-devel-linux-x86_64-debian-clang 0.1.2 6.12 73.89 80.01 NOTE
r-devel-linux-x86_64-debian-gcc 0.1.2 5.29 54.15 59.44 NOTE
r-devel-linux-x86_64-fedora-clang 0.1.2 101.01 NOTE
r-devel-linux-x86_64-fedora-gcc 0.1.2 105.87 NOTE
r-devel-windows-x86_64 0.1.2 7.00 85.00 92.00 NOTE
r-patched-linux-x86_64 0.1.2 6.80 69.43 76.23 NOTE
r-release-linux-x86_64 0.1.2 6.88 71.20 78.08 NOTE
r-release-macos-arm64 0.1.2 42.00 NOTE
r-release-macos-x86_64 0.1.2 61.00 NOTE
r-release-windows-x86_64 0.1.2 7.00 84.00 91.00 NOTE
r-oldrel-macos-arm64 0.1.2 40.00 OK
r-oldrel-macos-x86_64 0.1.2 59.00 OK
r-oldrel-windows-x86_64 0.1.2 9.00 90.00 99.00 OK

Check Details

Version: 0.1.2
Check: Rd files
Result: NOTE checkRd: (-1) Data.Rd:10: Lost braces in \itemize; meant \describe ? checkRd: (-1) Data.Rd:11: Lost braces in \itemize; meant \describe ? checkRd: (-1) Data.Rd:12: Lost braces in \itemize; meant \describe ? checkRd: (-1) Data.Rd:13: Lost braces in \itemize; meant \describe ? checkRd: (-1) Data.Rd:14: Lost braces in \itemize; meant \describe ? checkRd: (-1) Data.Rd:15: Lost braces in \itemize; meant \describe ? checkRd: (-1) Data.Rd:16: Lost braces in \itemize; meant \describe ? checkRd: (-1) Data.Rd:17: Lost braces in \itemize; meant \describe ? Flavors: r-devel-linux-x86_64-debian-clang, r-devel-linux-x86_64-debian-gcc, r-devel-linux-x86_64-fedora-clang, r-devel-linux-x86_64-fedora-gcc, r-devel-windows-x86_64, r-patched-linux-x86_64, r-release-linux-x86_64, r-release-macos-arm64, r-release-macos-x86_64, r-release-windows-x86_64