CRAN Package Check Results for Package topicmodels

Last updated on 2021-06-11 22:54:27 CEST.

Flavor Version Tinstall Tcheck Ttotal Status Flags
r-devel-linux-x86_64-debian-clang 0.2-12 13.41 124.95 138.36 NOTE
r-devel-linux-x86_64-debian-gcc 0.2-12 9.44 94.81 104.25 NOTE
r-devel-linux-x86_64-fedora-clang 0.2-12 179.08 NOTE
r-devel-linux-x86_64-fedora-gcc 0.2-12 178.07 NOTE
r-devel-windows-x86_64 0.2-12 27.00 205.00 232.00 NOTE
r-devel-windows-x86_64-gcc10-UCRT 0.2-12 NOTE
r-patched-linux-x86_64 0.2-12 11.82 124.88 136.70 NOTE
r-patched-solaris-x86 0.2-12 340.60 NOTE
r-release-linux-x86_64 0.2-12 12.00 124.38 136.38 NOTE
r-release-macos-arm64 0.2-12 NOTE
r-release-macos-x86_64 0.2-12 NOTE
r-release-windows-ix86+x86_64 0.2-12 32.00 221.00 253.00 NOTE
r-oldrel-macos-x86_64 0.2-12 NOTE
r-oldrel-windows-ix86+x86_64 0.2-12 30.00 225.00 255.00 NOTE

Check Details

Version: 0.2-12
Check: package dependencies
Result: NOTE
    Package suggested but not available for checking: 'corpus.JSS.papers'
Flavors: r-devel-linux-x86_64-debian-clang, r-devel-linux-x86_64-debian-gcc, r-devel-linux-x86_64-fedora-clang, r-devel-linux-x86_64-fedora-gcc, r-devel-windows-x86_64, r-devel-windows-x86_64-gcc10-UCRT, r-patched-linux-x86_64, r-patched-solaris-x86, r-release-linux-x86_64, r-release-macos-arm64, r-release-macos-x86_64, r-release-windows-ix86+x86_64, r-oldrel-macos-x86_64, r-oldrel-windows-ix86+x86_64