CRAN Package Check Results for Package topicmodels

Last updated on 2019-08-21 22:48:52 CEST.

Flavor Version Tinstall Tcheck Ttotal Status Flags
r-devel-linux-x86_64-debian-clang 0.2-8 13.84 130.05 143.89 NOTE
r-devel-linux-x86_64-debian-gcc 0.2-8 NOTE
r-devel-linux-x86_64-fedora-clang 0.2-8 164.23 NOTE
r-devel-linux-x86_64-fedora-gcc 0.2-8 162.55 NOTE
r-devel-windows-ix86+x86_64 0.2-8 58.00 214.00 272.00 NOTE
r-patched-linux-x86_64 0.2-8 11.01 128.98 139.99 NOTE
r-patched-solaris-x86 0.2-8 345.30 NOTE
r-release-linux-x86_64 0.2-8 11.27 130.11 141.38 NOTE
r-release-windows-ix86+x86_64 0.2-8 36.00 177.00 213.00 NOTE
r-release-osx-x86_64 0.2-8 NOTE
r-oldrel-windows-ix86+x86_64 0.2-8 51.00 243.00 294.00 NOTE
r-oldrel-osx-x86_64 0.2-8 NOTE

Check Details

Version: 0.2-8
Check: package dependencies
Result: NOTE
    Package suggested but not available for checking: 'corpus.JSS.papers'
Flavors: r-devel-linux-x86_64-debian-clang, r-devel-linux-x86_64-debian-gcc, r-devel-linux-x86_64-fedora-clang, r-devel-linux-x86_64-fedora-gcc, r-devel-windows-ix86+x86_64, r-patched-linux-x86_64, r-patched-solaris-x86, r-release-linux-x86_64, r-release-windows-ix86+x86_64, r-release-osx-x86_64, r-oldrel-windows-ix86+x86_64, r-oldrel-osx-x86_64