CRAN Package Check Results for Package topicmodels

Last updated on 2019-12-10 22:49:51 CET.

Flavor Version Tinstall Tcheck Ttotal Status Flags
r-devel-linux-x86_64-debian-clang 0.2-9 12.99 125.79 138.78 NOTE
r-devel-linux-x86_64-debian-gcc 0.2-9 9.15 93.71 102.86 NOTE
r-devel-linux-x86_64-fedora-clang 0.2-9 170.68 NOTE
r-devel-linux-x86_64-fedora-gcc 0.2-9 168.98 NOTE
r-devel-windows-ix86+x86_64 0.2-9 47.00 202.00 249.00 NOTE
r-devel-windows-ix86+x86_64-gcc8 0.2-9 40.00 196.00 236.00 NOTE
r-patched-linux-x86_64 0.2-9 9.96 118.94 128.90 NOTE
r-patched-solaris-x86 0.2-9 326.50 NOTE
r-release-linux-x86_64 0.2-9 11.41 119.48 130.89 NOTE
r-release-windows-ix86+x86_64 0.2-9 37.00 202.00 239.00 NOTE
r-release-osx-x86_64 0.2-9 NOTE
r-oldrel-windows-ix86+x86_64 0.2-9 31.00 198.00 229.00 NOTE
r-oldrel-osx-x86_64 0.2-9 NOTE

Check Details

Version: 0.2-9
Check: package dependencies
Result: NOTE
    Package suggested but not available for checking: 'corpus.JSS.papers'
Flavors: r-devel-linux-x86_64-debian-clang, r-devel-linux-x86_64-debian-gcc, r-devel-linux-x86_64-fedora-clang, r-devel-linux-x86_64-fedora-gcc, r-devel-windows-ix86+x86_64, r-devel-windows-ix86+x86_64-gcc8, r-patched-linux-x86_64, r-patched-solaris-x86, r-release-linux-x86_64, r-release-windows-ix86+x86_64, r-release-osx-x86_64, r-oldrel-windows-ix86+x86_64, r-oldrel-osx-x86_64