CRAN Package Check Results for Package torchdatasets

Last updated on 2022-09-30 22:53:49 CEST.

Flavor Version Tinstall Tcheck Ttotal Status Flags
r-devel-linux-x86_64-debian-clang 0.1.0 3.12 33.63 36.75 OK
r-devel-linux-x86_64-debian-gcc 0.1.0 2.89 26.91 29.80 OK
r-devel-linux-x86_64-fedora-clang 0.1.0 59.45 NOTE
r-devel-linux-x86_64-fedora-gcc 0.1.0 61.12 NOTE
r-devel-windows-x86_64 0.1.0 27.00 64.00 91.00 OK
r-patched-linux-x86_64 0.1.0 4.27 32.71 36.98 OK
r-release-linux-x86_64 0.1.0 3.22 33.03 36.25 OK
r-release-macos-arm64 0.1.0 17.00 NOTE
r-release-macos-x86_64 0.1.0 26.00 NOTE
r-release-windows-x86_64 0.1.0 28.00 63.00 91.00 OK
r-oldrel-macos-arm64 0.1.0 22.00 NOTE
r-oldrel-macos-x86_64 0.1.0 25.00 NOTE
r-oldrel-windows-ix86+x86_64 0.1.0 10.00 58.00 68.00 OK

Check Details

Version: 0.1.0
Check: dependencies in R code
Result: NOTE
    Namespaces in Imports field not imported from:
     ‘stringr’ ‘torch’ ‘torchvision’ ‘zip’
     All declared Imports should be used.
Flavors: r-devel-linux-x86_64-fedora-clang, r-devel-linux-x86_64-fedora-gcc, r-release-macos-arm64, r-release-macos-x86_64, r-oldrel-macos-arm64, r-oldrel-macos-x86_64