CRAN Package Check Results for Package tourr

Last updated on 2021-10-17 22:48:52 CEST.

Flavor Version Tinstall Tcheck Ttotal Status Flags
r-devel-linux-x86_64-debian-clang 0.6.0 5.66 81.20 86.86 OK
r-devel-linux-x86_64-debian-gcc 0.6.0 4.66 61.11 65.77 OK
r-devel-linux-x86_64-fedora-clang 0.6.0 112.63 NOTE
r-devel-linux-x86_64-fedora-gcc 0.6.0 101.96 NOTE
r-devel-windows-x86_64 0.6.0 9.00 103.00 112.00 OK
r-devel-windows-x86_64-gcc10-UCRT 0.6.0 NOTE
r-patched-linux-x86_64 0.6.0 7.72 79.21 86.93 OK
r-patched-solaris-x86 0.6.0 129.10 NOTE
r-release-linux-x86_64 0.6.0 6.55 79.32 85.87 OK
r-release-macos-arm64 0.6.0 NOTE
r-release-macos-x86_64 0.6.0 NOTE
r-release-windows-ix86+x86_64 0.6.0 12.00 122.00 134.00 OK
r-oldrel-macos-x86_64 0.6.0 NOTE
r-oldrel-windows-ix86+x86_64 0.6.0 13.00 121.00 134.00 OK

Check Details

Version: 0.6.0
Check: dependencies in R code
Result: NOTE
    Namespace in Imports field not imported from: ‘tibble’
     All declared Imports should be used.
Flavors: r-devel-linux-x86_64-fedora-clang, r-devel-linux-x86_64-fedora-gcc, r-devel-windows-x86_64-gcc10-UCRT, r-patched-solaris-x86, r-release-macos-arm64, r-release-macos-x86_64, r-oldrel-macos-x86_64

Version: 0.6.0
Check: package dependencies
Result: NOTE
    Package suggested but not available for checking: ‘gifski’
Flavor: r-patched-solaris-x86