CRAN Package Check Results for Package tracer

Last updated on 2021-10-15 22:54:33 CEST.

Flavor Version Tinstall Tcheck Ttotal Status Flags
r-devel-linux-x86_64-debian-clang 1.0.0 2.54 24.50 27.04 NOTE
r-devel-linux-x86_64-debian-gcc 1.0.0 1.78 19.44 21.22 NOTE
r-devel-linux-x86_64-fedora-clang 1.0.0 42.96 NOTE
r-devel-linux-x86_64-fedora-gcc 1.0.0 31.87 NOTE
r-devel-windows-x86_64 1.0.0 4.00 34.00 38.00 NOTE
r-devel-windows-x86_64-gcc10-UCRT 1.0.0 NOTE
r-patched-linux-x86_64 1.0.0 2.32 24.09 26.41 NOTE
r-patched-solaris-x86 1.0.0 50.20 NOTE
r-release-linux-x86_64 1.0.0 2.12 23.90 26.02 NOTE
r-release-macos-arm64 1.0.0 NOTE
r-release-macos-x86_64 1.0.0 NOTE
r-release-windows-ix86+x86_64 1.0.0 5.00 40.00 45.00 NOTE
r-oldrel-macos-x86_64 1.0.0 OK
r-oldrel-windows-ix86+x86_64 1.0.0 5.00 41.00 46.00 OK

Check Details

Version: 1.0.0
Check: LazyData
Result: NOTE
     'LazyData' is specified without a 'data' directory
Flavors: r-devel-linux-x86_64-debian-clang, r-devel-linux-x86_64-debian-gcc, r-devel-linux-x86_64-fedora-clang, r-devel-linux-x86_64-fedora-gcc, r-devel-windows-x86_64, r-devel-windows-x86_64-gcc10-UCRT, r-patched-linux-x86_64, r-patched-solaris-x86, r-release-linux-x86_64, r-release-macos-arm64, r-release-macos-x86_64, r-release-windows-ix86+x86_64