CRAN Package Check Results for Package trackdf

Last updated on 2021-06-15 22:54:01 CEST.

Flavor Version Tinstall Tcheck Ttotal Status Flags
r-devel-linux-x86_64-debian-clang 0.2.2 3.04 63.68 66.72 OK
r-devel-linux-x86_64-debian-gcc 0.2.2 2.48 49.46 51.94 OK
r-devel-linux-x86_64-fedora-clang 0.2.2 88.02 NOTE
r-devel-linux-x86_64-fedora-gcc 0.2.2 88.66 OK
r-devel-windows-x86_64 0.2.2 6.00 99.00 105.00 OK
r-devel-windows-x86_64-gcc10-UCRT 0.2.2 NOTE
r-patched-linux-x86_64 0.2.2 3.50 61.06 64.56 OK
r-patched-solaris-x86 0.2.2 118.10 NOTE
r-release-linux-x86_64 0.2.2 2.77 59.56 62.33 OK
r-release-macos-arm64 0.2.2 ERROR
r-release-macos-x86_64 0.2.2 OK
r-release-windows-ix86+x86_64 0.2.2 8.00 105.00 113.00 OK
r-oldrel-macos-x86_64 0.2.2 OK
r-oldrel-windows-ix86+x86_64 0.2.2 17.00 109.00 126.00 OK

Check Details

Version: 0.2.2
Check: Rd cross-references
Result: NOTE
    Undeclared package ‘rlang’ in Rd xrefs
Flavor: r-devel-linux-x86_64-fedora-clang

Version: 0.2.2
Check: package dependencies
Result: NOTE
    Package suggested but not available for checking: 'moveVis'
Flavors: r-devel-windows-x86_64-gcc10-UCRT, r-patched-solaris-x86

Version: 0.2.2
Check: Rd cross-references
Result: NOTE
    Package unavailable to check Rd xrefs: 'moveVis'
Flavor: r-devel-windows-x86_64-gcc10-UCRT

Version: 0.2.2
Check: installed package size
Result: NOTE
     installed size is 5.6Mb
     sub-directories of 1Mb or more:
     extdata 5.3Mb
Flavor: r-patched-solaris-x86

Version: 0.2.2
Check: package dependencies
Result: NOTE
    Packages suggested but not available for checking:
     'move', 'moveVis', 'ctmm'
Flavor: r-release-macos-arm64

Version: 0.2.2
Check: Rd cross-references
Result: NOTE
    Packages unavailable to check Rd xrefs: ‘moveVis’, ‘ctmm’
Flavor: r-release-macos-arm64

Version: 0.2.2
Check: examples
Result: ERROR
    Running examples in ‘trackdf-Ex.R’ failed
    The error most likely occurred in:
    
    > ### Name: conversions
    > ### Title: Convert a Track Table to/from Other Formats
    > ### Aliases: conversions as_track as_track.MoveStack as_track.Move as_move
    > ### as_move.track as_track.SpatialPointsDataFrame as_sp as_sp.track
    > ### as_track.ltraj as_ltraj as_ltraj.track as_track.telemetry
    > ### as_track.list as_telemetry as_telemetry.track as_track.moveData
    > ### as_moveHMM as_moveHMM.track
    >
    > ### ** Examples
    >
    > data(short_tracks)
    >
    > if (requireNamespace("moveVis", quietly = TRUE)) {
    + mv <- as_move(short_tracks)
    + as_track(mv)
    + }
    >
    > if (requireNamespace("sp", quietly = TRUE)) {
    + sp <- as_sp(short_tracks)
    + as_track(sp)
    + }
    Track table [120 observations]
    Number of tracks: 2
    Dimensions: 2D
    Geographic: TRUE
    Projection: +proj=longlat +ellps=WGS84
    Table class: data frame
     id t x y
    1 1 2015-09-10 07:01:00 15.76468 -22.37961
    2 1 2015-09-10 07:01:01 15.76469 -22.37960
    3 1 2015-09-10 07:01:02 15.76469 -22.37960
    4 1 2015-09-10 07:01:03 15.76469 -22.37960
    5 1 2015-09-10 07:01:04 15.76470 -22.37960
    6 1 2015-09-10 07:01:05 15.76469 -22.37960
    7 1 2015-09-10 07:01:06 15.76469 -22.37960
    8 1 2015-09-10 07:01:07 15.76469 -22.37959
    9 1 2015-09-10 07:01:08 15.76469 -22.37959
    10 1 2015-09-10 07:01:09 15.76469 -22.37959
    11 1 2015-09-10 07:01:10 15.76469 -22.37959
    12 1 2015-09-10 07:01:11 15.76469 -22.37960
    13 1 2015-09-10 07:01:12 15.76469 -22.37960
    14 1 2015-09-10 07:01:13 15.76469 -22.37960
    15 1 2015-09-10 07:01:14 15.76469 -22.37960
    16 1 2015-09-10 07:01:15 15.76468 -22.37960
    17 1 2015-09-10 07:01:16 15.76468 -22.37960
    18 1 2015-09-10 07:01:17 15.76468 -22.37960
    19 1 2015-09-10 07:01:18 15.76468 -22.37960
    20 1 2015-09-10 07:01:19 15.76468 -22.37960
    21 1 2015-09-10 07:01:20 15.76468 -22.37960
    22 1 2015-09-10 07:01:21 15.76468 -22.37960
    23 1 2015-09-10 07:01:22 15.76468 -22.37960
    24 1 2015-09-10 07:01:23 15.76468 -22.37960
    25 1 2015-09-10 07:01:24 15.76468 -22.37960
    26 1 2015-09-10 07:01:25 15.76468 -22.37960
    27 1 2015-09-10 07:01:26 15.76468 -22.37960
    28 1 2015-09-10 07:01:27 15.76468 -22.37960
    29 1 2015-09-10 07:01:28 15.76468 -22.37960
    30 1 2015-09-10 07:01:29 15.76468 -22.37960
    31 1 2015-09-10 07:01:30 15.76468 -22.37960
    32 1 2015-09-10 07:01:31 15.76468 -22.37960
    33 1 2015-09-10 07:01:32 15.76469 -22.37960
    34 1 2015-09-10 07:01:33 15.76469 -22.37960
    35 1 2015-09-10 07:01:34 15.76469 -22.37960
    36 1 2015-09-10 07:01:35 15.76469 -22.37960
    37 1 2015-09-10 07:01:36 15.76469 -22.37960
    38 1 2015-09-10 07:01:37 15.76469 -22.37960
    39 1 2015-09-10 07:01:38 15.76469 -22.37960
    40 1 2015-09-10 07:01:39 15.76469 -22.37960
    41 1 2015-09-10 07:01:40 15.76469 -22.37960
    42 1 2015-09-10 07:01:41 15.76469 -22.37960
    43 1 2015-09-10 07:01:42 15.76469 -22.37960
    44 1 2015-09-10 07:01:43 15.76469 -22.37960
    45 1 2015-09-10 07:01:44 15.76469 -22.37960
    46 1 2015-09-10 07:01:45 15.76469 -22.37960
    47 1 2015-09-10 07:01:46 15.76469 -22.37960
    48 1 2015-09-10 07:01:47 15.76469 -22.37960
    49 1 2015-09-10 07:01:48 15.76469 -22.37960
    50 1 2015-09-10 07:01:49 15.76469 -22.37959
    51 1 2015-09-10 07:01:50 15.76469 -22.37959
    52 1 2015-09-10 07:01:51 15.76470 -22.37959
    53 1 2015-09-10 07:01:52 15.76470 -22.37959
    54 1 2015-09-10 07:01:53 15.76470 -22.37959
    55 1 2015-09-10 07:01:54 15.76470 -22.37960
    56 1 2015-09-10 07:01:55 15.76470 -22.37960
    57 1 2015-09-10 07:01:56 15.76471 -22.37960
    58 1 2015-09-10 07:01:57 15.76471 -22.37959
    59 1 2015-09-10 07:01:58 15.76471 -22.37959
    60 1 2015-09-10 07:01:59 15.76471 -22.37959
    61 2 2015-09-10 07:01:00 15.76459 -22.37971
    62 2 2015-09-10 07:01:01 15.76459 -22.37971
    63 2 2015-09-10 07:01:02 15.76459 -22.37971
    64 2 2015-09-10 07:01:03 15.76459 -22.37971
    65 2 2015-09-10 07:01:04 15.76459 -22.37971
    66 2 2015-09-10 07:01:05 15.76459 -22.37971
    67 2 2015-09-10 07:01:06 15.76459 -22.37971
    68 2 2015-09-10 07:01:07 15.76459 -22.37971
    69 2 2015-09-10 07:01:08 15.76459 -22.37971
    70 2 2015-09-10 07:01:09 15.76459 -22.37971
    71 2 2015-09-10 07:01:10 15.76459 -22.37971
    72 2 2015-09-10 07:01:11 15.76459 -22.37971
    73 2 2015-09-10 07:01:12 15.76459 -22.37971
    74 2 2015-09-10 07:01:13 15.76459 -22.37971
    75 2 2015-09-10 07:01:14 15.76459 -22.37971
    76 2 2015-09-10 07:01:15 15.76459 -22.37971
    77 2 2015-09-10 07:01:16 15.76459 -22.37971
    78 2 2015-09-10 07:01:17 15.76459 -22.37971
    79 2 2015-09-10 07:01:18 15.76459 -22.37971
    80 2 2015-09-10 07:01:19 15.76459 -22.37971
    81 2 2015-09-10 07:01:20 15.76459 -22.37971
    82 2 2015-09-10 07:01:21 15.76459 -22.37971
    83 2 2015-09-10 07:01:22 15.76459 -22.37971
    84 2 2015-09-10 07:01:23 15.76459 -22.37971
    85 2 2015-09-10 07:01:24 15.76459 -22.37971
    86 2 2015-09-10 07:01:25 15.76458 -22.37971
    87 2 2015-09-10 07:01:26 15.76459 -22.37971
    88 2 2015-09-10 07:01:27 15.76459 -22.37971
    89 2 2015-09-10 07:01:28 15.76459 -22.37971
    90 2 2015-09-10 07:01:29 15.76458 -22.37971
    91 2 2015-09-10 07:01:30 15.76458 -22.37971
    92 2 2015-09-10 07:01:31 15.76457 -22.37971
    93 2 2015-09-10 07:01:32 15.76456 -22.37971
    94 2 2015-09-10 07:01:33 15.76455 -22.37972
    95 2 2015-09-10 07:01:34 15.76455 -22.37972
    96 2 2015-09-10 07:01:35 15.76455 -22.37973
    97 2 2015-09-10 07:01:36 15.76455 -22.37973
    98 2 2015-09-10 07:01:37 15.76455 -22.37974
    99 2 2015-09-10 07:01:38 15.76455 -22.37974
    100 2 2015-09-10 07:01:39 15.76455 -22.37975
    101 2 2015-09-10 07:01:40 15.76455 -22.37975
    102 2 2015-09-10 07:01:41 15.76454 -22.37976
    103 2 2015-09-10 07:01:42 15.76455 -22.37976
    104 2 2015-09-10 07:01:43 15.76455 -22.37976
    105 2 2015-09-10 07:01:44 15.76455 -22.37977
    106 2 2015-09-10 07:01:45 15.76456 -22.37977
    107 2 2015-09-10 07:01:46 15.76457 -22.37978
    108 2 2015-09-10 07:01:47 15.76458 -22.37978
    109 2 2015-09-10 07:01:48 15.76459 -22.37979
    110 2 2015-09-10 07:01:49 15.76459 -22.37979
    111 2 2015-09-10 07:01:50 15.76460 -22.37980
    112 2 2015-09-10 07:01:51 15.76461 -22.37980
    113 2 2015-09-10 07:01:52 15.76461 -22.37981
    114 2 2015-09-10 07:01:53 15.76461 -22.37981
    115 2 2015-09-10 07:01:54 15.76462 -22.37981
    116 2 2015-09-10 07:01:55 15.76463 -22.37982
    117 2 2015-09-10 07:01:56 15.76463 -22.37982
    118 2 2015-09-10 07:01:57 15.76464 -22.37982
    119 2 2015-09-10 07:01:58 15.76465 -22.37982
    120 2 2015-09-10 07:01:59 15.76466 -22.37982
    >
    > if (requireNamespace("adehabitatLT", quietly = TRUE)) {
    + lt <- as_ltraj(short_tracks)
    + as_track(lt)
    + }
    Track table [120 observations]
    Number of tracks: 2
    Dimensions: 2D
    Geographic: TRUE
    Projection: +proj=longlat +ellps=WGS84
    Table class: data frame
     id t x y
    1 1 2015-09-10 07:01:00 15.76468 -22.37961
    2 1 2015-09-10 07:01:01 15.76469 -22.37960
    3 1 2015-09-10 07:01:02 15.76469 -22.37960
    4 1 2015-09-10 07:01:03 15.76469 -22.37960
    5 1 2015-09-10 07:01:04 15.76470 -22.37960
    6 1 2015-09-10 07:01:05 15.76469 -22.37960
    7 1 2015-09-10 07:01:06 15.76469 -22.37960
    8 1 2015-09-10 07:01:07 15.76469 -22.37959
    9 1 2015-09-10 07:01:08 15.76469 -22.37959
    10 1 2015-09-10 07:01:09 15.76469 -22.37959
    11 1 2015-09-10 07:01:10 15.76469 -22.37959
    12 1 2015-09-10 07:01:11 15.76469 -22.37960
    13 1 2015-09-10 07:01:12 15.76469 -22.37960
    14 1 2015-09-10 07:01:13 15.76469 -22.37960
    15 1 2015-09-10 07:01:14 15.76469 -22.37960
    16 1 2015-09-10 07:01:15 15.76468 -22.37960
    17 1 2015-09-10 07:01:16 15.76468 -22.37960
    18 1 2015-09-10 07:01:17 15.76468 -22.37960
    19 1 2015-09-10 07:01:18 15.76468 -22.37960
    20 1 2015-09-10 07:01:19 15.76468 -22.37960
    21 1 2015-09-10 07:01:20 15.76468 -22.37960
    22 1 2015-09-10 07:01:21 15.76468 -22.37960
    23 1 2015-09-10 07:01:22 15.76468 -22.37960
    24 1 2015-09-10 07:01:23 15.76468 -22.37960
    25 1 2015-09-10 07:01:24 15.76468 -22.37960
    26 1 2015-09-10 07:01:25 15.76468 -22.37960
    27 1 2015-09-10 07:01:26 15.76468 -22.37960
    28 1 2015-09-10 07:01:27 15.76468 -22.37960
    29 1 2015-09-10 07:01:28 15.76468 -22.37960
    30 1 2015-09-10 07:01:29 15.76468 -22.37960
    31 1 2015-09-10 07:01:30 15.76468 -22.37960
    32 1 2015-09-10 07:01:31 15.76468 -22.37960
    33 1 2015-09-10 07:01:32 15.76469 -22.37960
    34 1 2015-09-10 07:01:33 15.76469 -22.37960
    35 1 2015-09-10 07:01:34 15.76469 -22.37960
    36 1 2015-09-10 07:01:35 15.76469 -22.37960
    37 1 2015-09-10 07:01:36 15.76469 -22.37960
    38 1 2015-09-10 07:01:37 15.76469 -22.37960
    39 1 2015-09-10 07:01:38 15.76469 -22.37960
    40 1 2015-09-10 07:01:39 15.76469 -22.37960
    41 1 2015-09-10 07:01:40 15.76469 -22.37960
    42 1 2015-09-10 07:01:41 15.76469 -22.37960
    43 1 2015-09-10 07:01:42 15.76469 -22.37960
    44 1 2015-09-10 07:01:43 15.76469 -22.37960
    45 1 2015-09-10 07:01:44 15.76469 -22.37960
    46 1 2015-09-10 07:01:45 15.76469 -22.37960
    47 1 2015-09-10 07:01:46 15.76469 -22.37960
    48 1 2015-09-10 07:01:47 15.76469 -22.37960
    49 1 2015-09-10 07:01:48 15.76469 -22.37960
    50 1 2015-09-10 07:01:49 15.76469 -22.37959
    51 1 2015-09-10 07:01:50 15.76469 -22.37959
    52 1 2015-09-10 07:01:51 15.76470 -22.37959
    53 1 2015-09-10 07:01:52 15.76470 -22.37959
    54 1 2015-09-10 07:01:53 15.76470 -22.37959
    55 1 2015-09-10 07:01:54 15.76470 -22.37960
    56 1 2015-09-10 07:01:55 15.76470 -22.37960
    57 1 2015-09-10 07:01:56 15.76471 -22.37960
    58 1 2015-09-10 07:01:57 15.76471 -22.37959
    59 1 2015-09-10 07:01:58 15.76471 -22.37959
    60 1 2015-09-10 07:01:59 15.76471 -22.37959
    61 2 2015-09-10 07:01:00 15.76459 -22.37971
    62 2 2015-09-10 07:01:01 15.76459 -22.37971
    63 2 2015-09-10 07:01:02 15.76459 -22.37971
    64 2 2015-09-10 07:01:03 15.76459 -22.37971
    65 2 2015-09-10 07:01:04 15.76459 -22.37971
    66 2 2015-09-10 07:01:05 15.76459 -22.37971
    67 2 2015-09-10 07:01:06 15.76459 -22.37971
    68 2 2015-09-10 07:01:07 15.76459 -22.37971
    69 2 2015-09-10 07:01:08 15.76459 -22.37971
    70 2 2015-09-10 07:01:09 15.76459 -22.37971
    71 2 2015-09-10 07:01:10 15.76459 -22.37971
    72 2 2015-09-10 07:01:11 15.76459 -22.37971
    73 2 2015-09-10 07:01:12 15.76459 -22.37971
    74 2 2015-09-10 07:01:13 15.76459 -22.37971
    75 2 2015-09-10 07:01:14 15.76459 -22.37971
    76 2 2015-09-10 07:01:15 15.76459 -22.37971
    77 2 2015-09-10 07:01:16 15.76459 -22.37971
    78 2 2015-09-10 07:01:17 15.76459 -22.37971
    79 2 2015-09-10 07:01:18 15.76459 -22.37971
    80 2 2015-09-10 07:01:19 15.76459 -22.37971
    81 2 2015-09-10 07:01:20 15.76459 -22.37971
    82 2 2015-09-10 07:01:21 15.76459 -22.37971
    83 2 2015-09-10 07:01:22 15.76459 -22.37971
    84 2 2015-09-10 07:01:23 15.76459 -22.37971
    85 2 2015-09-10 07:01:24 15.76459 -22.37971
    86 2 2015-09-10 07:01:25 15.76458 -22.37971
    87 2 2015-09-10 07:01:26 15.76459 -22.37971
    88 2 2015-09-10 07:01:27 15.76459 -22.37971
    89 2 2015-09-10 07:01:28 15.76459 -22.37971
    90 2 2015-09-10 07:01:29 15.76458 -22.37971
    91 2 2015-09-10 07:01:30 15.76458 -22.37971
    92 2 2015-09-10 07:01:31 15.76457 -22.37971
    93 2 2015-09-10 07:01:32 15.76456 -22.37971
    94 2 2015-09-10 07:01:33 15.76455 -22.37972
    95 2 2015-09-10 07:01:34 15.76455 -22.37972
    96 2 2015-09-10 07:01:35 15.76455 -22.37973
    97 2 2015-09-10 07:01:36 15.76455 -22.37973
    98 2 2015-09-10 07:01:37 15.76455 -22.37974
    99 2 2015-09-10 07:01:38 15.76455 -22.37974
    100 2 2015-09-10 07:01:39 15.76455 -22.37975
    101 2 2015-09-10 07:01:40 15.76455 -22.37975
    102 2 2015-09-10 07:01:41 15.76454 -22.37976
    103 2 2015-09-10 07:01:42 15.76455 -22.37976
    104 2 2015-09-10 07:01:43 15.76455 -22.37976
    105 2 2015-09-10 07:01:44 15.76455 -22.37977
    106 2 2015-09-10 07:01:45 15.76456 -22.37977
    107 2 2015-09-10 07:01:46 15.76457 -22.37978
    108 2 2015-09-10 07:01:47 15.76458 -22.37978
    109 2 2015-09-10 07:01:48 15.76459 -22.37979
    110 2 2015-09-10 07:01:49 15.76459 -22.37979
    111 2 2015-09-10 07:01:50 15.76460 -22.37980
    112 2 2015-09-10 07:01:51 15.76461 -22.37980
    113 2 2015-09-10 07:01:52 15.76461 -22.37981
    114 2 2015-09-10 07:01:53 15.76461 -22.37981
    115 2 2015-09-10 07:01:54 15.76462 -22.37981
    116 2 2015-09-10 07:01:55 15.76463 -22.37982
    117 2 2015-09-10 07:01:56 15.76463 -22.37982
    118 2 2015-09-10 07:01:57 15.76464 -22.37982
    119 2 2015-09-10 07:01:58 15.76465 -22.37982
    120 2 2015-09-10 07:01:59 15.76466 -22.37982
    >
    > if (requireNamespace("ctmm", quietly = TRUE)) {
    + tl <- as_telemetry(short_tracks)
    + as_track(tl)
    + }
    >
    > if (requireNamespace("moveHMM", quietly = TRUE)) {
    + hhm <- as_moveHMM(short_tracks, type = "LL")
    + as_track(hhm)
    + }
    Error in sp::spTransform(tmp, value) :
     package rgdal is required for spTransform methods
    Calls: as_moveHMM ... as_moveHMM.track -> projection<- -> <Anonymous> -> <Anonymous>
    Execution halted
Flavor: r-release-macos-arm64

Version: 0.2.2
Check: re-building of vignette outputs
Result: WARN
    Error(s) in re-building vignettes:
    --- re-building ‘z1_install.Rmd’ using rmarkdown
    Warning in engine$weave(file, quiet = quiet, encoding = enc) :
     Pandoc (>= 1.12.3) not available. Falling back to R Markdown v1.
    --- finished re-building ‘z1_install.Rmd’
    
    --- re-building ‘z2_build.Rmd’ using rmarkdown
    Warning in engine$weave(file, quiet = quiet, encoding = enc) :
     Pandoc (>= 1.12.3) not available. Falling back to R Markdown v1.
    
    Attaching package: 'lubridate'
    
    The following objects are masked from 'package:base':
    
     date, intersect, setdiff, union
    
    
    Attaching package: 'dplyr'
    
    The following objects are masked from 'package:stats':
    
     filter, lag
    
    The following objects are masked from 'package:base':
    
     intersect, setdiff, setequal, union
    
    
    ── Column specification ────────────────────────────────────────────────────────
    cols(
     id = col_double(),
     x = col_double(),
     y = col_double(),
     size = col_double(),
     frame = col_double(),
     track = col_double(),
     ignore = col_logical(),
     track_fixed = col_double()
    )
    
    
    ── Column specification ────────────────────────────────────────────────────────
    cols(
     date = col_date(format = ""),
     time = col_time(format = ""),
     lon = col_double(),
     lat = col_double()
    )
    
    Warning: 1 parsing failure.
    row col expected actual file
     24 date valid date 2015-13-10 '/Volumes/Builds/packages/big-sur-arm64/results/4.1/trackdf.Rcheck/trackdf/extdata/gps/01.csv'
    
    --- finished re-building ‘z2_build.Rmd’
    
    --- re-building ‘z3_manipulate.Rmd’ using rmarkdown
    Warning in engine$weave(file, quiet = quiet, encoding = enc) :
     Pandoc (>= 1.12.3) not available. Falling back to R Markdown v1.
    Quitting from lines 136-138 (z3_manipulate.Rmd)
    Error: processing vignette 'z3_manipulate.Rmd' failed with diagnostics:
    package rgdal is required for spTransform methods
    --- failed re-building ‘z3_manipulate.Rmd’
    
    SUMMARY: processing the following file failed:
     ‘z3_manipulate.Rmd’
    
    Error: Vignette re-building failed.
    Execution halted
Flavor: r-release-macos-arm64